CRAN Package Check Results for Package rblt

Last updated on 2021-09-26 20:49:19 CEST.

Flavor Version Tinstall Tcheck Ttotal Status Flags
r-devel-linux-x86_64-debian-clang 0.2.4.5 12.48 76.80 89.28 NOTE
r-devel-linux-x86_64-debian-gcc 0.2.4.5 8.88 56.40 65.28 NOTE
r-devel-linux-x86_64-fedora-clang 0.2.4.5 113.24 NOTE
r-devel-linux-x86_64-fedora-gcc 0.2.4.5 103.42 NOTE
r-devel-windows-x86_64 0.2.4.5 2.00 6.00 8.00 ERROR
r-devel-windows-x86_64-gcc10-UCRT 0.2.4.5 NOTE
r-patched-linux-x86_64 0.2.4.5 10.26 70.76 81.02 NOTE
r-patched-solaris-x86 0.2.4.5 129.80 NOTE
r-release-linux-x86_64 0.2.4.5 11.46 71.39 82.85 NOTE
r-release-macos-arm64 0.2.4.5 NOTE
r-release-macos-x86_64 0.2.4.5 NOTE
r-release-windows-ix86+x86_64 0.2.4.5 25.00 69.00 94.00 NOTE
r-oldrel-macos-x86_64 0.2.4.5 OK
r-oldrel-windows-ix86+x86_64 0.2.4.5 19.00 65.00 84.00 OK

Check Details

Version: 0.2.4.5
Check: LazyData
Result: NOTE
     'LazyData' is specified without a 'data' directory
Flavors: r-devel-linux-x86_64-debian-clang, r-devel-linux-x86_64-debian-gcc, r-devel-linux-x86_64-fedora-clang, r-devel-linux-x86_64-fedora-gcc, r-devel-windows-x86_64-gcc10-UCRT, r-patched-linux-x86_64, r-patched-solaris-x86, r-release-linux-x86_64, r-release-macos-arm64, r-release-macos-x86_64, r-release-windows-ix86+x86_64

Version: 0.2.4.5
Check: whether package can be installed
Result: ERROR
    Installation failed.
Flavor: r-devel-windows-x86_64