CRAN Package Check Results for Package rbscCI

Last updated on 2023-12-08 00:52:05 CET.

Flavor Version Tinstall Tcheck Ttotal Status Flags
r-devel-linux-x86_64-debian-clang 0.1.0 47.71 30.71 78.42 NOTE
r-devel-linux-x86_64-debian-gcc 0.1.0 31.34 23.59 54.93 NOTE
r-devel-linux-x86_64-fedora-clang 0.1.0 118.65 NOTE
r-devel-linux-x86_64-fedora-gcc 0.1.0 104.86 NOTE
r-devel-windows-x86_64 0.1.0 36.00 72.00 108.00 NOTE
r-patched-linux-x86_64 0.1.0 37.10 30.21 67.31 NOTE
r-release-linux-x86_64 0.1.0 41.42 29.28 70.70 NOTE
r-release-macos-arm64 0.1.0 36.00 NOTE
r-release-macos-x86_64 0.1.0 52.00 NOTE
r-release-windows-x86_64 0.1.0 38.00 76.00 114.00 NOTE
r-oldrel-macos-arm64 0.1.0 34.00 OK
r-oldrel-macos-x86_64 0.1.0 43.00 OK
r-oldrel-windows-x86_64 0.1.0 47.00 68.00 115.00 OK

Check Details

Version: 0.1.0
Check: C++ specification
Result: NOTE Specified C++11: please drop specification unless essential Flavors: r-devel-linux-x86_64-debian-clang, r-devel-linux-x86_64-debian-gcc, r-devel-linux-x86_64-fedora-clang, r-devel-linux-x86_64-fedora-gcc, r-devel-windows-x86_64, r-patched-linux-x86_64, r-release-linux-x86_64, r-release-macos-arm64, r-release-macos-x86_64, r-release-windows-x86_64