Last updated on 2024-03-28 23:55:17 CET.
Flavor | Version | Tinstall | Tcheck | Ttotal | Status | Flags |
---|---|---|---|---|---|---|
r-devel-linux-x86_64-debian-clang | 0.1-6 | 5.70 | 46.09 | 51.79 | NOTE | |
r-devel-linux-x86_64-debian-gcc | 0.1-6 | 5.05 | 34.84 | 39.89 | NOTE | |
r-devel-linux-x86_64-fedora-clang | 0.1-6 | 72.21 | NOTE | |||
r-devel-linux-x86_64-fedora-gcc | 0.1-6 | 63.19 | NOTE | |||
r-devel-windows-x86_64 | 0.1-6 | 7.00 | 69.00 | 76.00 | NOTE | |
r-patched-linux-x86_64 | 0.1-6 | 8.39 | 44.25 | 52.64 | NOTE | |
r-release-linux-x86_64 | 0.1-6 | 5.30 | 44.86 | 50.16 | NOTE | |
r-release-macos-arm64 | 0.1-6 | 24.00 | NOTE | |||
r-release-macos-x86_64 | 0.1-6 | 35.00 | NOTE | |||
r-release-windows-x86_64 | 0.1-6 | 9.00 | 71.00 | 80.00 | NOTE | |
r-oldrel-macos-arm64 | 0.1-6 | 21.00 | NOTE | |||
r-oldrel-windows-x86_64 | 0.1-6 | 11.00 | 62.00 | 73.00 | NOTE |
Version: 0.1-6
Check: Rd files
Result: NOTE
checkRd: (-1) ecoperators-methods.Rd:50: Lost braces in \itemize; meant \describe ?
checkRd: (-1) ecoperators-methods.Rd:51: Lost braces in \itemize; meant \describe ?
checkRd: (-1) ecoperators-methods.Rd:52: Lost braces in \itemize; meant \describe ?
checkRd: (-1) ecoperators-methods.Rd:53: Lost braces in \itemize; meant \describe ?
checkRd: (-1) ecoperators-methods.Rd:54: Lost braces in \itemize; meant \describe ?
Flavors: r-devel-linux-x86_64-debian-clang, r-devel-linux-x86_64-debian-gcc, r-devel-linux-x86_64-fedora-clang, r-devel-linux-x86_64-fedora-gcc, r-devel-windows-x86_64, r-patched-linux-x86_64
Version: 0.1-6
Check: LazyData
Result: NOTE
'LazyData' is specified without a 'data' directory
Flavors: r-devel-linux-x86_64-debian-clang, r-devel-linux-x86_64-debian-gcc, r-devel-linux-x86_64-fedora-clang, r-devel-linux-x86_64-fedora-gcc, r-devel-windows-x86_64, r-patched-linux-x86_64, r-release-linux-x86_64, r-release-macos-arm64, r-release-macos-x86_64, r-release-windows-x86_64, r-oldrel-macos-arm64, r-oldrel-windows-x86_64
Version: 0.1-6
Check: HTML version of manual
Result: NOTE
Found the following HTML validation problems:
getblock.html:58:1 (getblock.Rd:23): Warning: trimming empty <h3>
getrawtransaction.html:57:1 (getrawtransaction.Rd:22): Warning: trimming empty <h3>
Flavors: r-devel-linux-x86_64-debian-clang, r-devel-linux-x86_64-debian-gcc, r-devel-linux-x86_64-fedora-clang, r-devel-linux-x86_64-fedora-gcc, r-devel-windows-x86_64, r-patched-linux-x86_64