Last updated on 2023-12-08 00:52:05 CET.
Flavor | Version | Tinstall | Tcheck | Ttotal | Status | Flags |
---|---|---|---|---|---|---|
r-devel-linux-x86_64-debian-clang | 0.1-6 | 5.76 | 45.38 | 51.14 | NOTE | |
r-devel-linux-x86_64-debian-gcc | 0.1-6 | 4.93 | 34.10 | 39.03 | NOTE | |
r-devel-linux-x86_64-fedora-clang | 0.1-6 | 66.87 | NOTE | |||
r-devel-linux-x86_64-fedora-gcc | 0.1-6 | 65.80 | NOTE | |||
r-devel-windows-x86_64 | 0.1-6 | 7.00 | 68.00 | 75.00 | NOTE | |
r-patched-linux-x86_64 | 0.1-6 | 8.95 | 44.96 | 53.91 | NOTE | |
r-release-linux-x86_64 | 0.1-6 | 5.91 | 44.03 | 49.94 | NOTE | |
r-release-macos-arm64 | 0.1-6 | 24.00 | NOTE | |||
r-release-macos-x86_64 | 0.1-6 | 35.00 | NOTE | |||
r-release-windows-x86_64 | 0.1-6 | 10.00 | 75.00 | 85.00 | NOTE | |
r-oldrel-macos-arm64 | 0.1-6 | 21.00 | NOTE | |||
r-oldrel-macos-x86_64 | 0.1-6 | 31.00 | NOTE | |||
r-oldrel-windows-x86_64 | 0.1-6 | 11.00 | 61.00 | 72.00 | NOTE |
Version: 0.1-6
Check: Rd files
Result: NOTE
checkRd: (-1) ecoperators-methods.Rd:50: Lost braces in \itemize; meant \describe ?
checkRd: (-1) ecoperators-methods.Rd:51: Lost braces in \itemize; meant \describe ?
checkRd: (-1) ecoperators-methods.Rd:52: Lost braces in \itemize; meant \describe ?
checkRd: (-1) ecoperators-methods.Rd:53: Lost braces in \itemize; meant \describe ?
checkRd: (-1) ecoperators-methods.Rd:54: Lost braces in \itemize; meant \describe ?
Flavors: r-devel-linux-x86_64-debian-clang, r-devel-linux-x86_64-debian-gcc
Version: 0.1-6
Check: LazyData
Result: NOTE
'LazyData' is specified without a 'data' directory
Flavors: r-devel-linux-x86_64-debian-clang, r-devel-linux-x86_64-debian-gcc, r-devel-linux-x86_64-fedora-clang, r-devel-linux-x86_64-fedora-gcc, r-devel-windows-x86_64, r-patched-linux-x86_64, r-release-linux-x86_64, r-release-macos-arm64, r-release-macos-x86_64, r-release-windows-x86_64, r-oldrel-macos-arm64, r-oldrel-macos-x86_64, r-oldrel-windows-x86_64