Last updated on 2023-12-06 00:58:24 CET.
Flavor | Version | Tinstall | Tcheck | Ttotal | Status | Flags |
---|---|---|---|---|---|---|
r-devel-linux-x86_64-debian-clang | 1.5.1 | 18.58 | 166.98 | 185.56 | NOTE | |
r-devel-linux-x86_64-debian-gcc | 1.5.1 | 15.15 | 124.37 | 139.52 | NOTE | |
r-devel-linux-x86_64-fedora-clang | 1.5.1 | 244.20 | OK | |||
r-devel-linux-x86_64-fedora-gcc | 1.5.1 | 252.77 | OK | |||
r-devel-windows-x86_64 | 1.5.1 | 19.00 | 137.00 | 156.00 | OK | |
r-patched-linux-x86_64 | 1.5.1 | 25.62 | 157.50 | 183.12 | OK | |
r-release-linux-x86_64 | 1.5.1 | 13.22 | 155.81 | 169.03 | OK | |
r-release-macos-arm64 | 1.5.1 | 81.00 | OK | |||
r-release-macos-x86_64 | 1.5.1 | 130.00 | OK | |||
r-release-windows-x86_64 | 1.5.1 | 26.00 | 172.00 | 198.00 | OK | |
r-oldrel-macos-arm64 | 1.5.1 | 75.00 | OK | |||
r-oldrel-macos-x86_64 | 1.5.1 | 92.00 | OK | |||
r-oldrel-windows-x86_64 | 1.5.1 | 25.00 | 160.00 | 185.00 | OK |
Version: 1.5.1
Check: Rd files
Result: NOTE
checkRd: (-1) calibrate.Rd:82: Lost braces in \itemize; \value handles \item{}{} directly
checkRd: (-1) calibrate.Rd:83: Lost braces in \itemize; \value handles \item{}{} directly
checkRd: (-1) calibrate.Rd:84: Lost braces in \itemize; \value handles \item{}{} directly
checkRd: (-1) ckde.Rd:21: Lost braces in \itemize; \value handles \item{}{} directly
checkRd: (-1) ckde.Rd:22: Lost braces in \itemize; \value handles \item{}{} directly
checkRd: (-1) modelTest.Rd:80: Lost braces in \itemize; \value handles \item{}{} directly
checkRd: (-1) modelTest.Rd:81: Lost braces in \itemize; \value handles \item{}{} directly
checkRd: (-1) modelTest.Rd:82: Lost braces in \itemize; \value handles \item{}{} directly
checkRd: (-1) modelTest.Rd:83: Lost braces in \itemize; \value handles \item{}{} directly
checkRd: (-1) modelTest.Rd:84: Lost braces in \itemize; \value handles \item{}{} directly
checkRd: (-1) modelTest.Rd:85: Lost braces in \itemize; \value handles \item{}{} directly
checkRd: (-1) modelTest.Rd:86: Lost braces in \itemize; \value handles \item{}{} directly
checkRd: (-1) modelTest.Rd:87: Lost braces in \itemize; \value handles \item{}{} directly
checkRd: (-1) modelTest.Rd:88: Lost braces in \itemize; \value handles \item{}{} directly
checkRd: (-1) modelTest.Rd:89: Lost braces in \itemize; \value handles \item{}{} directly
checkRd: (-1) modelTest.Rd:90: Lost braces in \itemize; \value handles \item{}{} directly
checkRd: (-1) modelTest.Rd:91: Lost braces in \itemize; \value handles \item{}{} directly
checkRd: (-1) permTest.Rd:50: Lost braces in \itemize; \value handles \item{}{} directly
checkRd: (-1) permTest.Rd:51: Lost braces in \itemize; \value handles \item{}{} directly
checkRd: (-1) permTest.Rd:52: Lost braces in \itemize; \value handles \item{}{} directly
checkRd: (-1) sampleDates.Rd:23: Lost braces in \itemize; \value handles \item{}{} directly
checkRd: (-1) sampleDates.Rd:24: Lost braces in \itemize; \value handles \item{}{} directly
checkRd: (-1) spd.Rd:38: Lost braces in \itemize; \value handles \item{}{} directly
checkRd: (-1) spd.Rd:39: Lost braces in \itemize; \value handles \item{}{} directly
checkRd: (-1) spkde.Rd:66: Lost braces in \itemize; \value handles \item{}{} directly
checkRd: (-1) spkde.Rd:67: Lost braces in \itemize; \value handles \item{}{} directly
checkRd: (-1) spkde.Rd:68: Lost braces in \itemize; \value handles \item{}{} directly
checkRd: (-1) spkde.Rd:69: Lost braces in \itemize; \value handles \item{}{} directly
checkRd: (-1) stkde.Rd:63: Lost braces in \itemize; \value handles \item{}{} directly
checkRd: (-1) stkde.Rd:64: Lost braces in \itemize; \value handles \item{}{} directly
checkRd: (-1) stkde.Rd:65: Lost braces in \itemize; \value handles \item{}{} directly
checkRd: (-1) stkde.Rd:66: Lost braces in \itemize; \value handles \item{}{} directly
Flavors: r-devel-linux-x86_64-debian-clang, r-devel-linux-x86_64-debian-gcc