Last updated on 2024-04-20 08:51:07 CEST.
Flavor | Version | Tinstall | Tcheck | Ttotal | Status | Flags |
---|---|---|---|---|---|---|
r-devel-linux-x86_64-debian-clang | 2.9 | 6.17 | 42.07 | 48.24 | OK | |
r-devel-linux-x86_64-debian-gcc | 2.9 | 4.24 | 31.21 | 35.45 | OK | |
r-devel-linux-x86_64-fedora-clang | 2.9 | 57.22 | NOTE | |||
r-devel-linux-x86_64-fedora-gcc | 2.9 | 56.20 | OK | |||
r-prerel-macos-arm64 | 2.9 | 21.00 | NOTE | |||
r-prerel-macos-x86_64 | 2.9 | 51.00 | NOTE | |||
r-prerel-windows-x86_64 | 2.9 | 7.00 | 49.00 | 56.00 | NOTE | |
r-patched-linux-x86_64 | 2.9 | 6.17 | 39.68 | 45.85 | OK | |
r-release-linux-x86_64 | 2.9 | 4.39 | 39.54 | 43.93 | OK | |
r-release-macos-arm64 | 2.9 | 28.00 | NOTE | |||
r-release-macos-x86_64 | 2.9 | 53.00 | NOTE | |||
r-release-windows-x86_64 | 2.9 | 9.00 | 58.00 | 67.00 | NOTE | |
r-oldrel-macos-arm64 | 2.9 | 26.00 | NOTE | |||
r-oldrel-windows-x86_64 | 2.9 | 10.00 | 82.00 | 92.00 | NOTE |
Version: 2.9
Check: installed package size
Result: NOTE
installed size is 20.3Mb
sub-directories of 1Mb or more:
cont 20.1Mb
Flavors: r-devel-linux-x86_64-fedora-clang, r-prerel-macos-arm64, r-prerel-macos-x86_64, r-prerel-windows-x86_64, r-release-macos-arm64, r-release-macos-x86_64, r-release-windows-x86_64, r-oldrel-macos-arm64, r-oldrel-windows-x86_64