CRAN Package Check Results for Package rco

Last updated on 2021-09-19 04:53:22 CEST.

Flavor Version Tinstall Tcheck Ttotal Status Flags
r-devel-linux-x86_64-debian-clang 1.0.2 5.01 90.90 95.91 OK
r-devel-linux-x86_64-debian-gcc 1.0.2 3.39 63.78 67.17 OK
r-devel-linux-x86_64-fedora-clang 1.0.2 114.52 OK
r-devel-linux-x86_64-fedora-gcc 1.0.2 104.37 OK
r-devel-windows-x86_64 1.0.2 6.00 132.00 138.00 OK
r-devel-windows-x86_64-gcc10-UCRT 1.0.2 ERROR
r-patched-linux-x86_64 1.0.2 3.98 94.48 98.46 OK
r-patched-solaris-x86 1.0.2 147.90 OK
r-release-linux-x86_64 1.0.2 4.33 93.89 98.22 OK
r-release-macos-arm64 1.0.2 OK
r-release-macos-x86_64 1.0.2 OK
r-release-windows-ix86+x86_64 1.0.2 9.00 99.00 108.00 OK
r-oldrel-macos-x86_64 1.0.2 OK
r-oldrel-windows-ix86+x86_64 1.0.2 8.00 99.00 107.00 OK

Check Details

Version: 1.0.2
Check: whether package can be installed
Result: WARN
    Found the following significant warnings:
     WARNING: installation-time patches will not be applied, could not get the patches index
Flavor: r-devel-windows-x86_64-gcc10-UCRT

Version: 1.0.2
Check: PDF version of manual
Result: WARN
    LaTeX errors when creating PDF version.
    This typically indicates Rd problems.
Flavor: r-devel-windows-x86_64-gcc10-UCRT

Version: 1.0.2
Check: PDF version of manual without hyperrefs or index
Result: ERROR
    Re-running with no redirection of stdout/stderr.
Flavor: r-devel-windows-x86_64-gcc10-UCRT