Last updated on 2024-04-19 16:58:54 CEST.
Flavor | Version | Tinstall | Tcheck | Ttotal | Status | Flags |
---|---|---|---|---|---|---|
r-devel-linux-x86_64-debian-clang | 1.3 | 6.19 | 69.43 | 75.62 | OK | |
r-devel-linux-x86_64-debian-gcc | 1.3 | OK | ||||
r-devel-linux-x86_64-fedora-clang | 1.3 | 95.94 | NOTE | |||
r-devel-linux-x86_64-fedora-gcc | 1.3 | 109.33 | OK | |||
r-prerel-macos-arm64 | 1.3 | 40.00 | OK | |||
r-prerel-windows-x86_64 | 1.3 | 9.00 | 78.00 | 87.00 | OK | |
r-patched-linux-x86_64 | 1.3 | 11.11 | 66.44 | 77.55 | OK | |
r-release-linux-x86_64 | 1.3 | 5.00 | 65.87 | 70.87 | OK | |
r-release-macos-arm64 | 1.3 | 50.00 | OK | |||
r-release-macos-x86_64 | 1.3 | 69.00 | OK | |||
r-release-windows-x86_64 | 1.3 | 10.00 | 85.00 | 95.00 | OK | |
r-oldrel-macos-arm64 | 1.3 | 42.00 | OK | |||
r-oldrel-windows-x86_64 | 1.3 | 12.00 | 86.00 | 98.00 | OK |
Version: 1.3
Check: Rd cross-references
Result: NOTE
Undeclared package ‘remotes’ in Rd xrefs
Flavor: r-devel-linux-x86_64-fedora-clang