CRAN Package Check Results for Package rcontroll

Last updated on 2023-12-01 00:52:07 CET.

Flavor Version Tinstall Tcheck Ttotal Status Flags
r-devel-linux-x86_64-debian-clang 0.1.1 77.35 477.80 555.15 OK
r-devel-linux-x86_64-debian-gcc 0.1.1 58.01 348.54 406.55 OK
r-devel-linux-x86_64-fedora-clang 0.1.1 670.84 NOTE
r-devel-linux-x86_64-fedora-gcc 0.1.1 664.63 NOTE
r-devel-windows-x86_64 0.1.1 56.00 436.00 492.00 OK
r-patched-linux-x86_64 0.1.1 44.03 449.19 493.22 OK
r-release-linux-x86_64 0.1.1 46.43 447.89 494.32 OK
r-release-macos-arm64 0.1.1 230.00 NOTE
r-release-macos-x86_64 0.1.1 396.00 NOTE
r-release-windows-x86_64 0.1.1 79.00 570.00 649.00 OK
r-oldrel-macos-arm64 0.1.1 170.00 NOTE
r-oldrel-macos-x86_64 0.1.1 244.00 ERROR
r-oldrel-windows-x86_64 0.1.1 76.00 540.00 616.00 OK

Check Details

Version: 0.1.1
Check: Rd cross-references
Result: NOTE Undeclared packages ‘nominatimlite’, ‘lutz’ in Rd xrefs Flavor: r-devel-linux-x86_64-fedora-clang

Version: 0.1.1
Check: data for non-ASCII characters
Result: NOTE Note: found 1 marked UTF-8 string Flavors: r-devel-linux-x86_64-fedora-clang, r-devel-linux-x86_64-fedora-gcc

Version: 0.1.1
Check: installed package size
Result: NOTE installed size is 6.8Mb sub-directories of 1Mb or more: libs 4.9Mb Flavors: r-release-macos-arm64, r-release-macos-x86_64, r-oldrel-macos-arm64, r-oldrel-macos-x86_64

Version: 0.1.1
Check: PDF version of manual
Result: WARN LaTeX errors when creating PDF version. This typically indicates Rd problems. LaTeX errors found: ! Undefined control sequence. <argument> ...end_X(t)+Seasonal_{x,Period}(t \mod p [mod Period]) + Irregula... l.342 Irregular(t)}{} ! Undefined control sequence. <argument> Seasonal_{x,Period}(t \mod p [mod Period]) l.348 ...nal_{x,Period}(t \mod p [mod Period])}{} the seasonal pattern Flavor: r-oldrel-macos-x86_64

Version: 0.1.1
Check: PDF version of manual without index
Result: ERROR
Flavor: r-oldrel-macos-x86_64