Last updated on 2023-06-10 16:53:45 CEST.
Flavor | Version | Tinstall | Tcheck | Ttotal | Status | Flags |
---|---|---|---|---|---|---|
r-devel-linux-x86_64-debian-clang | 0.6.4 | 6.00 | 52.49 | 58.49 | NOTE | |
r-devel-linux-x86_64-debian-gcc | 0.6.4 | 4.84 | 40.02 | 44.86 | NOTE | |
r-devel-linux-x86_64-fedora-clang | 0.6.4 | 71.59 | NOTE | |||
r-devel-linux-x86_64-fedora-gcc | 0.6.4 | 80.84 | NOTE | |||
r-devel-windows-x86_64 | 0.6.4 | 5.00 | 83.00 | 88.00 | NOTE | |
r-patched-linux-x86_64 | 0.6.4 | 5.76 | 49.14 | 54.90 | NOTE | |
r-release-linux-x86_64 | 0.6.4 | 4.59 | 49.84 | 54.43 | NOTE | |
r-release-macos-arm64 | 0.6.4 | 39.00 | NOTE | |||
r-release-macos-x86_64 | 0.6.4 | 51.00 | NOTE | |||
r-release-windows-x86_64 | 0.6.4 | 9.00 | 90.00 | 99.00 | NOTE | |
r-oldrel-macos-arm64 | 0.6.4 | 33.00 | NOTE | |||
r-oldrel-macos-x86_64 | 0.6.4 | 44.00 | NOTE | |||
r-oldrel-windows-x86_64 | 0.6.4 | 8.00 | 87.00 | 95.00 | NOTE |
Version: 0.6.4
Check: LazyData
Result: NOTE
'LazyData' is specified without a 'data' directory
Flavors: r-devel-linux-x86_64-debian-clang, r-devel-linux-x86_64-debian-gcc, r-devel-linux-x86_64-fedora-clang, r-devel-linux-x86_64-fedora-gcc, r-devel-windows-x86_64, r-patched-linux-x86_64, r-release-linux-x86_64, r-release-macos-arm64, r-release-macos-x86_64, r-release-windows-x86_64, r-oldrel-macos-arm64, r-oldrel-macos-x86_64, r-oldrel-windows-x86_64