CRAN Package Check Results for Package rdfp

Last updated on 2021-10-18 12:58:25 CEST.

Flavor Version Tinstall Tcheck Ttotal Status Flags
r-devel-linux-x86_64-debian-clang 0.1.4 12.49 96.64 109.13 NOTE
r-devel-linux-x86_64-debian-gcc 0.1.4 9.32 73.49 82.81 NOTE
r-devel-linux-x86_64-fedora-clang 0.1.4 140.55 NOTE
r-devel-linux-x86_64-fedora-gcc 0.1.4 128.86 NOTE
r-devel-windows-x86_64 0.1.4 19.00 129.00 148.00 NOTE
r-devel-windows-x86_64-gcc10-UCRT 0.1.4 NOTE
r-patched-linux-x86_64 0.1.4 18.59 94.30 112.89 NOTE
r-patched-solaris-x86 0.1.4 169.00 NOTE
r-release-linux-x86_64 0.1.4 8.27 93.31 101.58 NOTE
r-release-macos-arm64 0.1.4 NOTE
r-release-macos-x86_64 0.1.4 NOTE
r-release-windows-ix86+x86_64 0.1.4 27.00 139.00 166.00 NOTE
r-oldrel-macos-x86_64 0.1.4 OK
r-oldrel-windows-ix86+x86_64 0.1.4 24.00 146.00 170.00 OK

Check Details

Version: 0.1.4
Check: LazyData
Result: NOTE
     'LazyData' is specified without a 'data' directory
Flavors: r-devel-linux-x86_64-debian-clang, r-devel-linux-x86_64-debian-gcc, r-devel-linux-x86_64-fedora-clang, r-devel-linux-x86_64-fedora-gcc, r-devel-windows-x86_64, r-devel-windows-x86_64-gcc10-UCRT, r-patched-linux-x86_64, r-patched-solaris-x86, r-release-linux-x86_64, r-release-macos-arm64, r-release-macos-x86_64, r-release-windows-ix86+x86_64