CRAN Package Check Results for Package rdi

Last updated on 2023-09-28 16:54:28 CEST.

Flavor Version Tinstall Tcheck Ttotal Status Flags
r-devel-linux-x86_64-debian-clang 1.0.0 4.64 47.13 51.77 NOTE
r-devel-linux-x86_64-debian-gcc 1.0.0 3.43 34.10 37.53 NOTE
r-devel-linux-x86_64-fedora-clang 1.0.0 61.36 NOTE
r-devel-linux-x86_64-fedora-gcc 1.0.0 61.20 NOTE
r-devel-windows-x86_64 1.0.0 5.00 53.00 58.00 NOTE
r-patched-linux-x86_64 1.0.0 4.18 45.82 50.00 NOTE
r-release-linux-x86_64 1.0.0 4.81 45.49 50.30 NOTE
r-release-macos-arm64 1.0.0 21.00 NOTE
r-release-macos-x86_64 1.0.0 28.00 NOTE
r-release-windows-x86_64 1.0.0 6.00 59.00 65.00 NOTE
r-oldrel-macos-arm64 1.0.0 20.00 NOTE
r-oldrel-macos-x86_64 1.0.0 29.00 NOTE
r-oldrel-windows-x86_64 1.0.0 6.00 61.00 67.00 NOTE

Check Details

Version: 1.0.0
Check: LazyData
Result: NOTE
     'LazyData' is specified without a 'data' directory
Flavors: r-devel-linux-x86_64-debian-clang, r-devel-linux-x86_64-debian-gcc, r-devel-linux-x86_64-fedora-clang, r-devel-linux-x86_64-fedora-gcc, r-devel-windows-x86_64, r-patched-linux-x86_64, r-release-linux-x86_64, r-release-macos-arm64, r-release-macos-x86_64, r-release-windows-x86_64, r-oldrel-macos-arm64, r-oldrel-macos-x86_64, r-oldrel-windows-x86_64