CRAN Package Check Results for Package rdiversity

Last updated on 2022-01-26 16:50:19 CET.

Flavor Version Tinstall Tcheck Ttotal Status Flags
r-devel-linux-x86_64-debian-clang 2.0 7.01 55.23 62.24 NOTE
r-devel-linux-x86_64-debian-gcc 2.0 5.13 43.80 48.93 NOTE
r-devel-linux-x86_64-fedora-clang 2.0 74.96 NOTE
r-devel-linux-x86_64-fedora-gcc 2.0 65.17 NOTE
r-devel-windows-x86_64-new-UL 2.0 197.00 85.00 282.00 NOTE
r-devel-windows-x86_64-new-TK 2.0 NOTE
r-patched-linux-x86_64 2.0 6.98 53.04 60.02 NOTE
r-release-linux-x86_64 2.0 6.17 53.30 59.47 NOTE
r-release-macos-arm64 2.0 NOTE
r-release-macos-x86_64 2.0 NOTE
r-release-windows-ix86+x86_64 2.0 15.00 69.00 84.00 NOTE
r-oldrel-macos-x86_64 2.0 NOTE
r-oldrel-windows-ix86+x86_64 2.0 14.00 71.00 85.00 OK

Check Details

Version: 2.0
Check: LazyData
Result: NOTE
     'LazyData' is specified without a 'data' directory
Flavors: r-devel-linux-x86_64-debian-clang, r-devel-linux-x86_64-debian-gcc, r-devel-linux-x86_64-fedora-clang, r-devel-linux-x86_64-fedora-gcc, r-devel-windows-x86_64-new-UL, r-devel-windows-x86_64-new-TK, r-patched-linux-x86_64, r-release-linux-x86_64, r-release-macos-arm64, r-release-macos-x86_64, r-release-windows-ix86+x86_64

Version: 2.0
Check: package dependencies
Result: NOTE
    Package suggested but not available for checking: ‘vcfR’
Flavor: r-oldrel-macos-x86_64