Last updated on 2023-06-05 16:55:04 CEST.
Flavor | Version | Tinstall | Tcheck | Ttotal | Status | Flags |
---|---|---|---|---|---|---|
r-devel-linux-x86_64-debian-clang | 1.0.4 | 8.45 | 142.06 | 150.51 | NOTE | |
r-devel-linux-x86_64-debian-gcc | 1.0.4 | 7.64 | 109.40 | 117.04 | NOTE | |
r-devel-linux-x86_64-fedora-clang | 1.0.4 | 191.02 | NOTE | |||
r-devel-linux-x86_64-fedora-gcc | 1.0.4 | 189.82 | NOTE | |||
r-devel-windows-x86_64 | 1.0.4 | 11.00 | 123.00 | 134.00 | OK | |
r-patched-linux-x86_64 | 1.0.4 | 5.93 | 134.91 | 140.84 | NOTE | |
r-release-linux-x86_64 | 1.0.4 | 5.86 | 135.33 | 141.19 | NOTE | |
r-release-macos-arm64 | 1.0.4 | 62.00 | OK | |||
r-release-macos-x86_64 | 1.0.2 | 114.00 | OK | |||
r-release-windows-x86_64 | 1.0.4 | 20.00 | 150.00 | 170.00 | OK | |
r-oldrel-macos-arm64 | 1.0.4 | 58.00 | OK | |||
r-oldrel-macos-x86_64 | 1.0.4 | 84.00 | OK | |||
r-oldrel-windows-x86_64 | 1.0.4 | 17.00 | 149.00 | 166.00 | OK |
Version: 1.0.4
Check: package dependencies
Result: NOTE
Package suggested but not available for checking: ‘DIDmultiplegt’
Flavors: r-devel-linux-x86_64-debian-clang, r-devel-linux-x86_64-debian-gcc, r-devel-linux-x86_64-fedora-clang, r-devel-linux-x86_64-fedora-gcc, r-patched-linux-x86_64, r-release-linux-x86_64
Version: 1.0.4
Check: data for non-ASCII characters
Result: NOTE
Note: found 5 marked UTF-8 strings
Flavors: r-devel-linux-x86_64-fedora-clang, r-devel-linux-x86_64-fedora-gcc