Last updated on 2023-11-30 16:49:34 CET.
Flavor | Version | Tinstall | Tcheck | Ttotal | Status | Flags |
---|---|---|---|---|---|---|
r-devel-linux-x86_64-debian-clang | 1.0.4 | 9.66 | 147.74 | 157.40 | NOTE | |
r-devel-linux-x86_64-debian-gcc | 1.0.4 | 6.87 | 107.94 | 114.81 | NOTE | |
r-devel-linux-x86_64-fedora-clang | 1.0.4 | 189.96 | NOTE | |||
r-devel-linux-x86_64-fedora-gcc | 1.0.4 | 185.56 | NOTE | |||
r-devel-windows-x86_64 | 1.0.4 | 12.00 | 127.00 | 139.00 | OK | |
r-patched-linux-x86_64 | 1.0.4 | 6.09 | 137.90 | 143.99 | NOTE | |
r-release-linux-x86_64 | 1.0.4 | 5.58 | 137.87 | 143.45 | NOTE | |
r-release-macos-arm64 | 1.0.4 | 62.00 | OK | |||
r-release-macos-x86_64 | 1.0.4 | 119.00 | OK | |||
r-release-windows-x86_64 | 1.0.4 | 16.00 | 144.00 | 160.00 | NOTE | |
r-oldrel-macos-arm64 | 1.0.4 | 58.00 | OK | |||
r-oldrel-macos-x86_64 | 1.0.4 | 84.00 | OK | |||
r-oldrel-windows-x86_64 | 1.0.4 | 17.00 | 149.00 | 166.00 | NOTE |
Version: 1.0.4
Check: package dependencies
Result: NOTE
Package suggested but not available for checking: ‘DIDmultiplegt’
Flavors: r-devel-linux-x86_64-debian-clang, r-devel-linux-x86_64-debian-gcc, r-devel-linux-x86_64-fedora-clang, r-devel-linux-x86_64-fedora-gcc, r-patched-linux-x86_64, r-release-linux-x86_64, r-release-windows-x86_64, r-oldrel-windows-x86_64
Version: 1.0.4
Check: data for non-ASCII characters
Result: NOTE
Note: found 5 marked UTF-8 strings
Flavors: r-devel-linux-x86_64-fedora-clang, r-devel-linux-x86_64-fedora-gcc