CRAN Package Check Results for Package reactR

Last updated on 2021-09-26 00:48:52 CEST.

Flavor Version Tinstall Tcheck Ttotal Status Flags
r-devel-linux-x86_64-debian-clang 0.4.4 2.79 31.37 34.16 NOTE
r-devel-linux-x86_64-debian-gcc 0.4.4 1.96 24.75 26.71 NOTE
r-devel-linux-x86_64-fedora-clang 0.4.4 50.00 NOTE
r-devel-linux-x86_64-fedora-gcc 0.4.4 39.04 NOTE
r-devel-windows-x86_64 0.4.4 4.00 42.00 46.00 NOTE
r-devel-windows-x86_64-gcc10-UCRT 0.4.4 NOTE
r-patched-linux-x86_64 0.4.4 2.56 31.30 33.86 NOTE
r-patched-solaris-x86 0.4.4 62.20 NOTE
r-release-linux-x86_64 0.4.4 2.48 31.10 33.58 NOTE
r-release-macos-arm64 0.4.4 NOTE
r-release-macos-x86_64 0.4.4 NOTE
r-release-windows-ix86+x86_64 0.4.4 6.00 42.00 48.00 NOTE
r-oldrel-macos-x86_64 0.4.4 OK
r-oldrel-windows-ix86+x86_64 0.4.4 4.00 40.00 44.00 OK

Check Details

Version: 0.4.4
Check: LazyData
Result: NOTE
     'LazyData' is specified without a 'data' directory
Flavors: r-devel-linux-x86_64-debian-clang, r-devel-linux-x86_64-debian-gcc, r-devel-linux-x86_64-fedora-clang, r-devel-linux-x86_64-fedora-gcc, r-devel-windows-x86_64, r-devel-windows-x86_64-gcc10-UCRT, r-patched-linux-x86_64, r-patched-solaris-x86, r-release-linux-x86_64, r-release-macos-arm64, r-release-macos-x86_64, r-release-windows-ix86+x86_64