CRAN Package Check Results for Package readOffice

Last updated on 2021-10-17 12:52:55 CEST.

Flavor Version Tinstall Tcheck Ttotal Status Flags
r-devel-linux-x86_64-debian-clang 0.2.2 1.92 21.04 22.96 NOTE
r-devel-linux-x86_64-debian-gcc 0.2.2 1.75 16.67 18.42 NOTE
r-devel-linux-x86_64-fedora-clang 0.2.2 39.54 NOTE
r-devel-linux-x86_64-fedora-gcc 0.2.2 27.43 NOTE
r-devel-windows-x86_64 0.2.2 4.00 34.00 38.00 NOTE
r-devel-windows-x86_64-gcc10-UCRT 0.2.2 NOTE
r-patched-linux-x86_64 0.2.2 2.27 20.69 22.96 NOTE
r-patched-solaris-x86 0.2.2 44.50 NOTE
r-release-linux-x86_64 0.2.2 1.97 20.65 22.62 NOTE
r-release-macos-arm64 0.2.2 NOTE
r-release-macos-x86_64 0.2.2 NOTE
r-release-windows-ix86+x86_64 0.2.2 4.00 40.00 44.00 NOTE
r-oldrel-macos-x86_64 0.2.2 OK
r-oldrel-windows-ix86+x86_64 0.2.2 6.00 41.00 47.00 OK

Check Details

Version: 0.2.2
Check: LazyData
Result: NOTE
     'LazyData' is specified without a 'data' directory
Flavors: r-devel-linux-x86_64-debian-clang, r-devel-linux-x86_64-debian-gcc, r-devel-linux-x86_64-fedora-clang, r-devel-linux-x86_64-fedora-gcc, r-devel-windows-x86_64, r-devel-windows-x86_64-gcc10-UCRT, r-patched-linux-x86_64, r-patched-solaris-x86, r-release-linux-x86_64, r-release-macos-arm64, r-release-macos-x86_64, r-release-windows-ix86+x86_64