Last updated on 2023-06-08 08:55:31 CEST.
Flavor | Version | Tinstall | Tcheck | Ttotal | Status | Flags |
---|---|---|---|---|---|---|
r-devel-linux-x86_64-debian-clang | 1.0.0 | 4.84 | 50.62 | 55.46 | NOTE | |
r-devel-linux-x86_64-debian-gcc | 1.0.0 | 4.23 | 38.34 | 42.57 | NOTE | |
r-devel-linux-x86_64-fedora-clang | 1.0.0 | 70.76 | NOTE | |||
r-devel-linux-x86_64-fedora-gcc | 1.0.0 | 68.43 | NOTE | |||
r-devel-windows-x86_64 | 1.0.0 | 7.00 | 58.00 | 65.00 | NOTE | |
r-patched-linux-x86_64 | 1.0.0 | 5.33 | 48.16 | 53.49 | NOTE | |
r-release-linux-x86_64 | 1.0.0 | 3.22 | 48.18 | 51.40 | NOTE | |
r-release-macos-arm64 | 1.0.0 | 29.00 | NOTE | |||
r-release-macos-x86_64 | 1.0.0 | 40.00 | NOTE | |||
r-release-windows-x86_64 | 1.0.0 | 8.00 | 63.00 | 71.00 | NOTE | |
r-oldrel-macos-arm64 | 1.0.0 | 26.00 | NOTE | |||
r-oldrel-macos-x86_64 | 1.0.0 | 42.00 | NOTE | |||
r-oldrel-windows-x86_64 | 1.0.0 | 7.00 | 65.00 | 72.00 | NOTE |
Version: 1.0.0
Check: LazyData
Result: NOTE
'LazyData' is specified without a 'data' directory
Flavors: r-devel-linux-x86_64-debian-clang, r-devel-linux-x86_64-debian-gcc, r-devel-linux-x86_64-fedora-clang, r-devel-linux-x86_64-fedora-gcc, r-devel-windows-x86_64, r-patched-linux-x86_64, r-release-linux-x86_64, r-release-macos-arm64, r-release-macos-x86_64, r-release-windows-x86_64, r-oldrel-macos-arm64, r-oldrel-macos-x86_64, r-oldrel-windows-x86_64