Last updated on 2023-03-25 15:51:52 CET.
Flavor | Version | Tinstall | Tcheck | Ttotal | Status | Flags |
---|---|---|---|---|---|---|
r-devel-linux-x86_64-debian-clang | 2.1.4 | 78.77 | 146.39 | 225.16 | OK | |
r-devel-linux-x86_64-debian-gcc | 2.1.4 | 66.90 | 97.15 | 164.05 | OK | |
r-devel-linux-x86_64-fedora-clang | 2.1.4 | 320.64 | NOTE | |||
r-devel-linux-x86_64-fedora-gcc | 2.1.4 | 289.97 | OK | |||
r-patched-linux-x86_64 | 2.1.4 | 79.93 | 124.59 | 204.52 | OK | |
r-release-linux-x86_64 | 2.1.4 | 68.07 | 123.05 | 191.12 | OK | |
r-release-macos-arm64 | 2.1.4 | 97.00 | NOTE | |||
r-release-macos-x86_64 | 2.1.4 | 121.00 | OK | |||
r-release-windows-x86_64 | 2.1.4 | 155.00 | 225.00 | 380.00 | OK | |
r-oldrel-macos-arm64 | 2.1.4 | 74.00 | NOTE | |||
r-oldrel-macos-x86_64 | 2.1.4 | 128.00 | OK | |||
r-oldrel-windows-ix86+x86_64 | 2.1.4 | 204.00 | 264.00 | 468.00 | NOTE |
Version: 2.1.4
Check: Rd cross-references
Result: NOTE
Undeclared packages ‘tidyselect’, ‘vctrs’ in Rd xrefs
Flavor: r-devel-linux-x86_64-fedora-clang
Version: 2.1.4
Check: installed package size
Result: NOTE
installed size is 5.3Mb
sub-directories of 1Mb or more:
libs 4.3Mb
Flavors: r-release-macos-arm64, r-oldrel-macos-arm64
Version: 2.1.4
Check: dependencies in R code
Result: NOTE
Initiating curl with CURL_SSL_BACKEND: openssl
Flavor: r-oldrel-windows-ix86+x86_64