CRAN Package Check Results for Package rearrr

Last updated on 2021-10-23 12:07:43 CEST.

Flavor Version Tinstall Tcheck Ttotal Status Flags
r-devel-linux-x86_64-debian-clang 0.3.0 14.91 154.93 169.84 OK
r-devel-linux-x86_64-debian-gcc 0.3.0 11.62 113.97 125.59 OK
r-devel-linux-x86_64-fedora-clang 0.3.0 208.09 NOTE
r-devel-linux-x86_64-fedora-gcc 0.3.0 196.37 NOTE
r-devel-windows-x86_64 0.3.0 22.00 194.00 216.00 OK
r-devel-windows-x86_64-gcc10-UCRT 0.3.0 NOTE
r-patched-linux-x86_64 0.3.0 15.82 147.00 162.82 OK
r-patched-solaris-x86 0.3.0 219.80 NOTE
r-release-linux-x86_64 0.3.0 13.92 146.99 160.91 OK
r-release-macos-arm64 0.3.0 NOTE
r-release-macos-x86_64 0.3.0 NOTE
r-release-windows-ix86+x86_64 0.3.0 20.00 193.00 213.00 OK
r-oldrel-macos-x86_64 0.3.0 NOTE
r-oldrel-windows-ix86+x86_64 0.3.0 27.00 202.00 229.00 OK

Check Details

Version: 0.3.0
Check: dependencies in R code
Result: NOTE
    Namespace in Imports field not imported from: ‘R6’
     All declared Imports should be used.
Flavors: r-devel-linux-x86_64-fedora-clang, r-devel-linux-x86_64-fedora-gcc, r-devel-windows-x86_64-gcc10-UCRT, r-patched-solaris-x86, r-release-macos-arm64, r-release-macos-x86_64, r-oldrel-macos-x86_64