CRAN Package Check Results for Package recexcavAAR

Last updated on 2023-06-08 08:55:31 CEST.

Flavor Version Tinstall Tcheck Ttotal Status Flags
r-devel-linux-x86_64-debian-clang 0.3.0 85.48 68.29 153.77 OK
r-devel-linux-x86_64-debian-gcc 0.3.0 64.38 54.67 119.05 OK
r-devel-linux-x86_64-fedora-clang 0.3.0 208.99 OK
r-devel-linux-x86_64-fedora-gcc 0.3.0 229.60 OK
r-devel-windows-x86_64 0.3.0 61.00 97.00 158.00 OK
r-patched-linux-x86_64 0.3.0 75.56 67.41 142.97 OK
r-release-linux-x86_64 0.3.0 68.70 67.20 135.90 OK
r-release-macos-arm64 0.3.0 63.00 NOTE
r-release-macos-x86_64 0.3.0 90.00 NOTE
r-release-windows-x86_64 0.3.0 79.00 109.00 188.00 OK
r-oldrel-macos-arm64 0.3.0 55.00 NOTE
r-oldrel-macos-x86_64 0.3.0 72.00 NOTE
r-oldrel-windows-x86_64 0.3.0 73.00 107.00 180.00 OK

Check Details

Version: 0.3.0
Check: installed package size
Result: NOTE
     installed size is 5.2Mb
     sub-directories of 1Mb or more:
     doc 2.5Mb
     libs 2.6Mb
Flavors: r-release-macos-arm64, r-release-macos-x86_64, r-oldrel-macos-arm64, r-oldrel-macos-x86_64