Last updated on 2023-06-02 18:52:54 CEST.
Flavor | Version | Tinstall | Tcheck | Ttotal | Status | Flags |
---|---|---|---|---|---|---|
r-devel-linux-x86_64-debian-clang | 0.1.0 | 4.64 | 191.37 | 196.01 | OK | |
r-devel-linux-x86_64-debian-gcc | 0.1.0 | 4.08 | 139.87 | 143.95 | OK | |
r-devel-linux-x86_64-fedora-clang | 0.1.0 | 240.65 | NOTE | |||
r-devel-linux-x86_64-fedora-gcc | 0.1.0 | 241.13 | OK | |||
r-devel-windows-x86_64 | 0.1.0 | 8.00 | 164.00 | 172.00 | ERROR | |
r-patched-linux-x86_64 | 0.1.0 | OK | ||||
r-release-linux-x86_64 | 0.1.0 | 5.39 | 183.93 | 189.32 | OK | |
r-release-macos-arm64 | 0.1.0 | 79.00 | OK | |||
r-release-macos-x86_64 | 0.1.0 | 136.00 | OK | |||
r-release-windows-x86_64 | 0.1.0 | 8.00 | 195.00 | 203.00 | ERROR | |
r-oldrel-macos-arm64 | 0.1.0 | 94.00 | OK | |||
r-oldrel-macos-x86_64 | 0.1.0 | 142.00 | OK | |||
r-oldrel-windows-x86_64 | 0.1.0 | 8.00 | 195.00 | 203.00 | OK |
Version: 0.1.0
Check: Rd cross-references
Result: NOTE
Undeclared package ‘jpeg’ in Rd xrefs
Flavor: r-devel-linux-x86_64-fedora-clang
Version: 0.1.0
Check: re-building of vignette outputs
Result: ERROR
Error(s) in re-building vignettes:
--- re-building 'Introduction.Rmd' using rmarkdown
--- finished re-building 'Introduction.Rmd'
--- re-building 'step00_prep.Rmd' using rmarkdown
--- finished re-building 'step00_prep.Rmd'
--- re-building 'step01_loading.Rmd' using rmarkdown
--- finished re-building 'step01_loading.Rmd'
--- re-building 'step02_initial_cluster.Rmd' using rmarkdown
--- finished re-building 'step02_initial_cluster.Rmd'
--- re-building 'step03_refinement.Rmd' using rmarkdown
--- finished re-building 'step03_refinement.Rmd'
--- re-building 'step04_manual_tweak.Rmd' using rmarkdown
--- re-building 'step05_visualization_export.Rmd' using rmarkdown
--- finished re-building 'step05_visualization_export.Rmd'
SUMMARY: processing the following file failed:
'step04_manual_tweak.Rmd'
Error: Vignette re-building failed.
Execution halted
Flavors: r-devel-windows-x86_64, r-release-windows-x86_64