CRAN Package Check Results for Package recolorize

Last updated on 2024-06-17 19:51:40 CEST.

Flavor Version Tinstall Tcheck Ttotal Status Flags
r-devel-linux-x86_64-debian-clang 0.1.0 4.53 227.05 231.58 OK
r-devel-linux-x86_64-debian-gcc 0.1.0 3.53 160.10 163.63 OK
r-devel-linux-x86_64-fedora-clang 0.1.0 287.13 NOTE
r-devel-linux-x86_64-fedora-gcc 0.1.0 283.37 OK
r-devel-windows-x86_64 0.1.0 7.00 166.00 173.00 ERROR
r-patched-linux-x86_64 0.1.0 7.36 213.08 220.44 OK
r-release-linux-x86_64 0.1.0 4.79 213.77 218.56 OK
r-release-macos-arm64 0.1.0 95.00 OK
r-release-macos-x86_64 0.1.0 143.00 OK
r-release-windows-x86_64 0.1.0 7.00 165.00 172.00 ERROR
r-oldrel-macos-arm64 0.1.0 79.00 OK
r-oldrel-macos-x86_64 0.1.0 136.00 OK
r-oldrel-windows-x86_64 0.1.0 9.00 198.00 207.00 OK

Check Details

Version: 0.1.0
Check: Rd cross-references
Result: NOTE Undeclared package ‘jpeg’ in Rd xrefs Flavor: r-devel-linux-x86_64-fedora-clang

Version: 0.1.0
Check: re-building of vignette outputs
Result: ERROR Error(s) in re-building vignettes: --- re-building 'Introduction.Rmd' using rmarkdown --- finished re-building 'Introduction.Rmd' --- re-building 'step00_prep.Rmd' using rmarkdown --- finished re-building 'step00_prep.Rmd' --- re-building 'step01_loading.Rmd' using rmarkdown --- finished re-building 'step01_loading.Rmd' --- re-building 'step02_initial_cluster.Rmd' using rmarkdown --- finished re-building 'step02_initial_cluster.Rmd' --- re-building 'step03_refinement.Rmd' using rmarkdown --- finished re-building 'step03_refinement.Rmd' --- re-building 'step04_manual_tweak.Rmd' using rmarkdown --- re-building 'step05_visualization_export.Rmd' using rmarkdown --- finished re-building 'step05_visualization_export.Rmd' SUMMARY: processing the following file failed: 'step04_manual_tweak.Rmd' Error: Vignette re-building failed. Execution halted Flavors: r-devel-windows-x86_64, r-release-windows-x86_64