CRAN Package Check Results for Package redoc

Last updated on 2021-10-17 00:48:48 CEST.

Flavor Version Tinstall Tcheck Ttotal Status Flags
r-devel-linux-x86_64-debian-clang 2.0.0.49 2.05 19.31 21.36 NOTE
r-devel-linux-x86_64-debian-gcc 2.0.0.49 1.63 15.58 17.21 NOTE
r-devel-linux-x86_64-fedora-clang 2.0.0.49 36.46 NOTE
r-devel-linux-x86_64-fedora-gcc 2.0.0.49 25.61 NOTE
r-devel-windows-x86_64 2.0.0.49 3.00 29.00 32.00 NOTE
r-devel-windows-x86_64-gcc10-UCRT 2.0.0.49 NOTE
r-patched-linux-x86_64 2.0.0.49 2.12 19.13 21.25 NOTE
r-patched-solaris-x86 2.0.0.49 41.10 NOTE
r-release-linux-x86_64 2.0.0.49 1.75 19.13 20.88 NOTE
r-release-macos-arm64 2.0.0.49 NOTE
r-release-macos-x86_64 2.0.0.49 NOTE
r-release-windows-ix86+x86_64 2.0.0.49 4.00 38.00 42.00 NOTE
r-oldrel-macos-x86_64 2.0.0.49 OK
r-oldrel-windows-ix86+x86_64 2.0.0.49 5.00 39.00 44.00 OK

Check Details

Version: 2.0.0.49
Check: LazyData
Result: NOTE
     'LazyData' is specified without a 'data' directory
Flavors: r-devel-linux-x86_64-debian-clang, r-devel-linux-x86_64-debian-gcc, r-devel-linux-x86_64-fedora-clang, r-devel-linux-x86_64-fedora-gcc, r-devel-windows-x86_64, r-devel-windows-x86_64-gcc10-UCRT, r-patched-linux-x86_64, r-patched-solaris-x86, r-release-linux-x86_64, r-release-macos-arm64, r-release-macos-x86_64, r-release-windows-ix86+x86_64