Last updated on 2024-03-28 15:49:58 CET.
Flavor | Version | Tinstall | Tcheck | Ttotal | Status | Flags |
---|---|---|---|---|---|---|
r-devel-linux-x86_64-debian-clang | 0.5 | 3.59 | 61.60 | 65.19 | OK | |
r-devel-linux-x86_64-debian-gcc | 0.5 | 2.88 | 45.24 | 48.12 | OK | |
r-devel-linux-x86_64-fedora-clang | 0.5 | 86.50 | OK | |||
r-devel-linux-x86_64-fedora-gcc | 0.5 | 83.07 | OK | |||
r-devel-windows-x86_64 | 0.5 | 4.00 | 61.00 | 65.00 | OK | |
r-patched-linux-x86_64 | 0.5 | 4.03 | 58.42 | 62.45 | OK | |
r-release-linux-x86_64 | 0.5 | 3.61 | 58.65 | 62.26 | OK | |
r-release-macos-arm64 | 0.5 | 11.00 | ERROR | |||
r-release-macos-x86_64 | 0.5 | 6.00 | ERROR | |||
r-release-windows-x86_64 | 0.5 | 4.00 | 65.00 | 69.00 | OK | |
r-oldrel-macos-arm64 | 0.5 | 12.00 | ERROR | |||
r-oldrel-windows-x86_64 | 0.5 | 4.00 | 69.00 | 73.00 | OK |
Version: 0.5
Check: package dependencies
Result: ERROR
Package required but not available: ‘Rmpi’
See section ‘The DESCRIPTION file’ in the ‘Writing R Extensions’
manual.
Flavors: r-release-macos-arm64, r-release-macos-x86_64, r-oldrel-macos-arm64