Last updated on 2024-07-18 08:51:17 CEST.
Flavor | Version | Tinstall | Tcheck | Ttotal | Status | Flags |
---|---|---|---|---|---|---|
r-devel-linux-x86_64-debian-clang | 1.6 | 15.95 | 179.19 | 195.14 | OK | |
r-devel-linux-x86_64-debian-gcc | 1.6 | 12.15 | 133.00 | 145.15 | OK | |
r-devel-linux-x86_64-fedora-clang | 1.6 | 245.02 | OK | |||
r-devel-linux-x86_64-fedora-gcc | 1.6 | 231.82 | OK | |||
r-devel-windows-x86_64 | 1.6 | 17.00 | 164.00 | 181.00 | NOTE | |
r-patched-linux-x86_64 | 1.6 | 23.66 | 172.80 | 196.46 | OK | |
r-release-linux-x86_64 | 1.6 | 15.48 | 171.66 | 187.14 | OK | |
r-release-macos-arm64 | 1.6 | 83.00 | OK | |||
r-release-macos-x86_64 | 1.6 | 142.00 | OK | |||
r-release-windows-x86_64 | 1.6 | 16.00 | 167.00 | 183.00 | OK | |
r-oldrel-macos-arm64 | 1.6 | 73.00 | OK | |||
r-oldrel-macos-x86_64 | 1.6 | 124.00 | OK | |||
r-oldrel-windows-x86_64 | 1.6 | 20.00 | 200.00 | 220.00 | OK |
Version: 1.6
Check: Rd cross-references
Result: NOTE
Found the following Rd file(s) with Rd \link{} targets missing package
anchors:
associate.Rd: vglm
build_model.Rd: bestglm, regsubsets
build_tree.Rd: rpart
generalization_error.Rd: rpart, randomForest
getcp.Rd: rpart
see_models.Rd: regsubsets
summarize_tree.Rd: rpart, randomForest
visualize_model.Rd: rpart
Please provide package anchors for all Rd \link{} targets not in the
package itself and the base packages.
Flavor: r-devel-windows-x86_64