Last updated on 2023-06-05 16:55:04 CEST.
Flavor | Version | Tinstall | Tcheck | Ttotal | Status | Flags |
---|---|---|---|---|---|---|
r-devel-linux-x86_64-debian-clang | 0.1.1 | 5.97 | 53.26 | 59.23 | OK | |
r-devel-linux-x86_64-debian-gcc | 0.1.1 | 4.97 | 39.61 | 44.58 | OK | |
r-devel-linux-x86_64-fedora-clang | 0.1.1 | 75.53 | NOTE | |||
r-devel-linux-x86_64-fedora-gcc | 0.1.1 | 82.10 | NOTE | |||
r-devel-windows-x86_64 | 0.1.1 | 7.00 | 60.00 | 67.00 | OK | |
r-patched-linux-x86_64 | 0.1.1 | 6.00 | 49.34 | 55.34 | OK | |
r-release-linux-x86_64 | 0.1.1 | 5.90 | 49.70 | 55.60 | OK | |
r-release-macos-arm64 | 0.1.1 | 33.00 | OK | |||
r-release-macos-x86_64 | 0.1.1 | 48.00 | OK | |||
r-release-windows-x86_64 | 0.1.1 | 9.00 | 64.00 | 73.00 | OK | |
r-oldrel-macos-arm64 | 0.1.1 | 26.00 | NOTE | |||
r-oldrel-macos-x86_64 | 0.1.1 | 48.00 | NOTE | |||
r-oldrel-windows-x86_64 | 0.1.1 | 9.00 | 70.00 | 79.00 | OK |
Version: 0.1.1
Check: dependencies in R code
Result: NOTE
Namespaces in Imports field not imported from:
‘knitr’ ‘textshaping’
All declared Imports should be used.
Flavors: r-devel-linux-x86_64-fedora-clang, r-devel-linux-x86_64-fedora-gcc, r-oldrel-macos-arm64, r-oldrel-macos-x86_64
Version: 0.1.1
Check: data for non-ASCII characters
Result: NOTE
Note: found 20 marked UTF-8 strings
Flavors: r-devel-linux-x86_64-fedora-clang, r-devel-linux-x86_64-fedora-gcc, r-oldrel-macos-arm64, r-oldrel-macos-x86_64