Last updated on 2023-10-04 00:58:35 CEST.
Flavor | Version | Tinstall | Tcheck | Ttotal | Status | Flags |
---|---|---|---|---|---|---|
r-devel-linux-x86_64-debian-clang | 1.0.0 | 11.85 | 241.66 | 253.51 | OK | |
r-devel-linux-x86_64-debian-gcc | 1.0.0 | 9.20 | 178.59 | 187.79 | OK | |
r-devel-linux-x86_64-fedora-clang | 1.0.0 | 321.18 | NOTE | |||
r-devel-linux-x86_64-fedora-gcc | 1.0.0 | 319.06 | NOTE | |||
r-devel-windows-x86_64 | 1.0.0 | 10.00 | 192.00 | 202.00 | OK | |
r-patched-linux-x86_64 | 1.0.0 | 8.11 | 232.33 | 240.44 | OK | |
r-release-linux-x86_64 | 1.0.0 | 10.80 | 233.48 | 244.28 | OK | |
r-release-macos-arm64 | 1.0.0 | 117.00 | OK | |||
r-release-macos-x86_64 | 1.0.0 | 183.00 | OK | |||
r-release-windows-x86_64 | 1.0.0 | 14.00 | 243.00 | 257.00 | OK | |
r-oldrel-macos-arm64 | 1.0.0 | 67.00 | NOTE | |||
r-oldrel-macos-x86_64 | 1.0.0 | 103.00 | NOTE | |||
r-oldrel-windows-x86_64 | 1.0.0 | 14.00 | 244.00 | 258.00 | OK |
Version: 1.0.0
Check: dependencies in R code
Result: NOTE
Namespace in Imports field not imported from: ‘Deriv’
All declared Imports should be used.
Flavors: r-devel-linux-x86_64-fedora-clang, r-devel-linux-x86_64-fedora-gcc, r-oldrel-macos-arm64, r-oldrel-macos-x86_64