Last updated on 2024-04-18 16:50:06 CEST.
Flavor | Version | Tinstall | Tcheck | Ttotal | Status | Flags |
---|---|---|---|---|---|---|
r-devel-linux-x86_64-debian-clang | 1.0.1 | 10.60 | 245.59 | 256.19 | OK | |
r-devel-linux-x86_64-debian-gcc | 1.0.1 | 8.32 | 173.88 | 182.20 | OK | |
r-devel-linux-x86_64-fedora-clang | 1.0.1 | 310.81 | NOTE | |||
r-devel-linux-x86_64-fedora-gcc | 1.0.1 | 321.38 | NOTE | |||
r-prerel-macos-arm64 | 1.0.1 | 114.00 | OK | |||
r-prerel-windows-x86_64 | 1.0.1 | 10.00 | 191.00 | 201.00 | OK | |
r-patched-linux-x86_64 | 1.0.1 | 12.43 | 233.53 | 245.96 | OK | |
r-release-linux-x86_64 | 1.0.1 | 8.64 | 235.37 | 244.01 | OK | |
r-release-macos-arm64 | 1.0.1 | 104.00 | OK | |||
r-release-macos-x86_64 | 1.0.1 | 212.00 | OK | |||
r-release-windows-x86_64 | 1.0.1 | 13.00 | 233.00 | 246.00 | OK | |
r-oldrel-macos-arm64 | 1.0.1 | 101.00 | OK | |||
r-oldrel-windows-x86_64 | 1.0.1 | 13.00 | 236.00 | 249.00 | OK |
Version: 1.0.1
Check: dependencies in R code
Result: NOTE
Namespace in Imports field not imported from: ‘Deriv’
All declared Imports should be used.
Flavors: r-devel-linux-x86_64-fedora-clang, r-devel-linux-x86_64-fedora-gcc