Last updated on 2024-03-27 23:59:55 CET.
Flavor | Version | Tinstall | Tcheck | Ttotal | Status | Flags |
---|---|---|---|---|---|---|
r-devel-linux-x86_64-debian-clang | 0.5.2 | 3.61 | 38.78 | 42.39 | NOTE | |
r-devel-linux-x86_64-debian-gcc | 0.5.2 | 3.54 | 29.25 | 32.79 | NOTE | |
r-devel-linux-x86_64-fedora-clang | 0.5.2 | 53.14 | NOTE | |||
r-devel-linux-x86_64-fedora-gcc | 0.5.2 | 51.69 | NOTE | |||
r-devel-windows-x86_64 | 0.5.2 | 5.00 | 50.00 | 55.00 | NOTE | |
r-patched-linux-x86_64 | 0.5.2 | 3.82 | 37.94 | 41.76 | NOTE | |
r-release-linux-x86_64 | 0.5.2 | 4.37 | 37.01 | 41.38 | NOTE | |
r-release-macos-arm64 | 0.5.2 | 20.00 | NOTE | |||
r-release-macos-x86_64 | 0.5.2 | 29.00 | NOTE | |||
r-release-windows-x86_64 | 0.5.2 | 6.00 | 51.00 | 57.00 | NOTE | |
r-oldrel-macos-arm64 | 0.5.2 | 20.00 | NOTE | |||
r-oldrel-windows-x86_64 | 0.5.2 | 8.00 | 57.00 | 65.00 | NOTE |
Version: 0.5.2
Check: LazyData
Result: NOTE
'LazyData' is specified without a 'data' directory
Flavors: r-devel-linux-x86_64-debian-clang, r-devel-linux-x86_64-debian-gcc, r-devel-linux-x86_64-fedora-clang, r-devel-linux-x86_64-fedora-gcc, r-devel-windows-x86_64, r-patched-linux-x86_64, r-release-linux-x86_64, r-release-macos-arm64, r-release-macos-x86_64, r-release-windows-x86_64, r-oldrel-macos-arm64, r-oldrel-windows-x86_64