CRAN Package Check Results for Package relgam

Last updated on 2021-10-27 00:51:16 CEST.

Flavor Version Tinstall Tcheck Ttotal Status Flags
r-devel-linux-x86_64-debian-clang 1.0 2.89 56.19 59.08 NOTE
r-devel-linux-x86_64-debian-gcc 1.0 2.39 41.50 43.89 NOTE
r-devel-linux-x86_64-fedora-clang 1.0 79.99 NOTE
r-devel-linux-x86_64-fedora-gcc 1.0 69.75 NOTE
r-devel-windows-x86_64 1.0 6.00 58.00 64.00 NOTE
r-devel-windows-x86_64-gcc10-UCRT 1.0 NOTE
r-patched-linux-x86_64 1.0 3.25 53.45 56.70 NOTE
r-patched-solaris-x86 1.0 99.60 NOTE
r-release-linux-x86_64 1.0 3.08 52.86 55.94 NOTE
r-release-macos-arm64 1.0 NOTE
r-release-macos-x86_64 1.0 NOTE
r-release-windows-ix86+x86_64 1.0 6.00 79.00 85.00 NOTE
r-oldrel-macos-x86_64 1.0 OK
r-oldrel-windows-ix86+x86_64 1.0 7.00 82.00 89.00 OK

Check Details

Version: 1.0
Check: LazyData
Result: NOTE
     'LazyData' is specified without a 'data' directory
Flavors: r-devel-linux-x86_64-debian-clang, r-devel-linux-x86_64-debian-gcc, r-devel-linux-x86_64-fedora-clang, r-devel-linux-x86_64-fedora-gcc, r-devel-windows-x86_64, r-devel-windows-x86_64-gcc10-UCRT, r-patched-linux-x86_64, r-patched-solaris-x86, r-release-linux-x86_64, r-release-macos-arm64, r-release-macos-x86_64, r-release-windows-ix86+x86_64