Last updated on 2024-04-23 16:58:26 CEST.
Flavor | Version | Tinstall | Tcheck | Ttotal | Status | Flags |
---|---|---|---|---|---|---|
r-devel-linux-x86_64-debian-clang | 1.3.0 | 60.28 | 73.75 | 134.03 | OK | |
r-devel-linux-x86_64-debian-gcc | 1.3.0 | 50.66 | 51.40 | 102.06 | OK | |
r-devel-linux-x86_64-fedora-clang | 1.3.0 | 169.64 | OK | |||
r-devel-linux-x86_64-fedora-gcc | 1.3.0 | 181.68 | OK | |||
r-prerel-macos-arm64 | 1.3.0 | 37.00 | NOTE | |||
r-prerel-macos-x86_64 | 1.3.0 | 120.00 | NOTE | |||
r-prerel-windows-x86_64 | 1.3.0 | 47.00 | 92.00 | 139.00 | OK | |
r-patched-linux-x86_64 | 1.3.0 | 55.14 | 66.99 | 122.13 | OK | |
r-release-linux-x86_64 | 1.3.0 | 65.76 | 66.56 | 132.32 | OK | |
r-release-macos-arm64 | 1.3.0 | 55.00 | NOTE | |||
r-release-macos-x86_64 | 1.3.0 | 122.00 | NOTE | |||
r-release-windows-x86_64 | 1.3.0 | 62.00 | 105.00 | 167.00 | OK | |
r-oldrel-macos-arm64 | 1.3.0 | 54.00 | NOTE | |||
r-oldrel-windows-x86_64 | 1.3.0 | 57.00 | 102.00 | 159.00 | OK |
Version: 1.3.0
Check: installed package size
Result: NOTE
installed size is 6.2Mb
sub-directories of 1Mb or more:
libs 6.0Mb
Flavors: r-prerel-macos-arm64, r-prerel-macos-x86_64, r-release-macos-arm64, r-release-macos-x86_64, r-oldrel-macos-arm64