CRAN Package Check Results for Package relsurv

Last updated on 2022-08-15 16:54:38 CEST.

Flavor Version Tinstall Tcheck Ttotal Status Flags
r-devel-linux-x86_64-debian-clang 2.2-7 0.76 3.20 3.96 ERROR
r-devel-linux-x86_64-debian-gcc 2.2-8 16.81 98.76 115.57 OK
r-devel-linux-x86_64-fedora-clang 2.2-8 191.31 OK
r-devel-linux-x86_64-fedora-gcc 2.2-8 200.61 OK
r-devel-windows-x86_64 2.2-8 36.00 139.00 175.00 OK
r-patched-linux-x86_64 2.2-8 19.35 127.24 146.59 OK
r-release-linux-x86_64 2.2-8 17.89 128.08 145.97 OK
r-release-macos-arm64 2.2-8 50.00 OK
r-release-macos-x86_64 2.2-8 70.00 OK
r-release-windows-x86_64 2.2-8 34.00 159.00 193.00 OK
r-oldrel-macos-arm64 2.2-8 43.00 OK
r-oldrel-macos-x86_64 2.2-8 72.00 OK
r-oldrel-windows-ix86+x86_64 2.2-8 42.00 199.00 241.00 OK

Check Details

Version: 2.2-7
Check: whether package can be installed
Result: ERROR
    Installation failed.
Flavor: r-devel-linux-x86_64-debian-clang