CRAN Package Check Results for Package repmis

Last updated on 2021-12-02 12:54:54 CET.

Flavor Version Tinstall Tcheck Ttotal Status Flags
r-devel-linux-x86_64-debian-clang 0.5 3.81 44.99 48.80 NOTE
r-devel-linux-x86_64-debian-gcc 0.5 2.90 34.53 37.43 NOTE
r-devel-linux-x86_64-fedora-clang 0.5 69.21 NOTE
r-devel-linux-x86_64-fedora-gcc 0.5 57.25 NOTE
r-devel-windows-x86_64-new-UL 0.5 9.00 94.00 103.00 OK
r-devel-windows-x86_64-new-TK 0.5 OK
r-devel-windows-x86_64-old 0.5 6.00 60.00 66.00 OK
r-patched-linux-x86_64 0.5 7.06 34.32 41.38 NOTE
r-patched-solaris-x86 0.5 70.80 NOTE
r-release-linux-x86_64 0.5 3.66 34.33 37.99 NOTE
r-release-macos-arm64 0.5 OK
r-release-macos-x86_64 0.5 OK
r-release-windows-ix86+x86_64 0.5 9.00 62.00 71.00 OK
r-oldrel-macos-x86_64 0.5 OK
r-oldrel-windows-ix86+x86_64 0.5 9.00 54.00 63.00 OK

Check Details

Version: 0.5
Check: for non-standard things in the check directory
Result: NOTE
    Found the following files/directories:
     'PackageCites.bib'
Flavors: r-devel-linux-x86_64-debian-clang, r-devel-linux-x86_64-debian-gcc, r-devel-linux-x86_64-fedora-clang, r-devel-linux-x86_64-fedora-gcc, r-patched-linux-x86_64, r-patched-solaris-x86, r-release-linux-x86_64