Last updated on 2023-09-25 09:04:58 CEST.
Flavor | Version | Tinstall | Tcheck | Ttotal | Status | Flags |
---|---|---|---|---|---|---|
r-devel-linux-x86_64-debian-clang | 0.5 | 4.26 | 39.97 | 44.23 | NOTE | |
r-devel-linux-x86_64-debian-gcc | 0.5 | 3.12 | 30.37 | 33.49 | NOTE | |
r-devel-linux-x86_64-fedora-clang | 0.5 | 55.11 | NOTE | |||
r-devel-linux-x86_64-fedora-gcc | 0.5 | 61.85 | NOTE | |||
r-devel-windows-x86_64 | 0.5 | 5.00 | 51.00 | 56.00 | OK | |
r-patched-linux-x86_64 | 0.5 | 7.44 | 37.40 | 44.84 | NOTE | |
r-release-linux-x86_64 | 0.5 | 4.22 | 37.75 | 41.97 | NOTE | |
r-release-macos-arm64 | 0.5 | 30.00 | OK | |||
r-release-macos-x86_64 | 0.5 | 45.00 | OK | |||
r-release-windows-x86_64 | 0.5 | 6.00 | 55.00 | 61.00 | OK | |
r-oldrel-macos-arm64 | 0.5 | 27.00 | OK | |||
r-oldrel-macos-x86_64 | 0.5 | 37.00 | OK | |||
r-oldrel-windows-x86_64 | 0.5 | 7.00 | 57.00 | 64.00 | OK |
Version: 0.5
Check: for non-standard things in the check directory
Result: NOTE
Found the following files/directories:
‘PackageCites.bib’
Flavors: r-devel-linux-x86_64-debian-clang, r-devel-linux-x86_64-debian-gcc, r-devel-linux-x86_64-fedora-clang, r-devel-linux-x86_64-fedora-gcc, r-patched-linux-x86_64, r-release-linux-x86_64