CRAN Package Check Results for Package repurrrsive

Last updated on 2021-10-16 08:50:55 CEST.

Flavor Version Tinstall Tcheck Ttotal Status Flags
r-devel-linux-x86_64-debian-clang 1.0.0 3.76 41.54 45.30 OK
r-devel-linux-x86_64-debian-gcc 1.0.0 3.18 32.15 35.33 OK
r-devel-linux-x86_64-fedora-clang 1.0.0 64.85 NOTE
r-devel-linux-x86_64-fedora-gcc 1.0.0 53.70 NOTE
r-devel-windows-x86_64 1.0.0 6.00 53.00 59.00 OK
r-devel-windows-x86_64-gcc10-UCRT 1.0.0 NOTE
r-patched-linux-x86_64 1.0.0 3.72 40.91 44.63 OK
r-patched-solaris-x86 1.0.0 84.10 NOTE
r-release-linux-x86_64 1.0.0 3.33 40.00 43.33 OK
r-release-macos-arm64 1.0.0 NOTE
r-release-macos-x86_64 1.0.0 NOTE
r-release-windows-ix86+x86_64 1.0.0 9.00 130.00 139.00 OK
r-oldrel-macos-x86_64 1.0.0 NOTE
r-oldrel-windows-ix86+x86_64 1.0.0 9.00 62.00 71.00 OK

Check Details

Version: 1.0.0
Check: data for non-ASCII characters
Result: NOTE
     Note: found 25 marked UTF-8 strings
Flavors: r-devel-linux-x86_64-fedora-clang, r-devel-linux-x86_64-fedora-gcc, r-devel-windows-x86_64-gcc10-UCRT, r-patched-solaris-x86, r-release-macos-arm64, r-release-macos-x86_64, r-oldrel-macos-x86_64