CRAN Package Check Results for Package resde

Last updated on 2024-07-15 09:48:21 CEST.

Flavor Version Tinstall Tcheck Ttotal Status Flags
r-devel-linux-x86_64-debian-clang 1.1 3.12 92.51 95.63 OK
r-devel-linux-x86_64-debian-gcc 1.1 1.95 64.21 66.16 OK
r-devel-linux-x86_64-fedora-clang 1.1 114.73 OK
r-devel-linux-x86_64-fedora-gcc 1.1 123.29 OK
r-devel-windows-x86_64 1.1 3.00 100.00 103.00 OK
r-patched-linux-x86_64 1.1 2.08 86.91 88.99 OK
r-release-linux-x86_64 1.1 2.59 87.24 89.83 OK
r-release-macos-arm64 1.1 40.00 OK
r-release-macos-x86_64 1.1 75.00 WARN
r-release-windows-x86_64 1.1 3.00 102.00 105.00 OK
r-oldrel-macos-arm64 1.1 40.00 OK
r-oldrel-macos-x86_64 1.1 108.00 OK
r-oldrel-windows-x86_64 1.1 4.00 108.00 112.00 OK

Check Details

Version: 1.1
Check: re-building of vignette outputs
Result: WARN Error(s) in re-building vignettes: ... --- re-building ‘resde-vignette.Rnw’ using knitr Error: processing vignette 'resde-vignette.Rnw' failed with diagnostics: Running 'texi2dvi' on 'resde-vignette.tex' failed. LaTeX errors: ! Undefined control sequence. l.200 \hlkwd{sdemodel}\hldef {(}\hlkwc{phi}\hldef{=}\hlopt{~}\hldef{x,} \hlkw... ? ! Emergency stop. l.200 End of file on the terminal! ! ==> Fatal error occurred, no output PDF file produced! --- failed re-building ‘resde-vignette.Rnw’ SUMMARY: processing the following file failed: ‘resde-vignette.Rnw’ Error: Vignette re-building failed. Execution halted Flavor: r-release-macos-x86_64