CRAN Package Check Results for Package resemble

Last updated on 2021-10-18 04:54:31 CEST.

Flavor Version Tinstall Tcheck Ttotal Status Flags
r-devel-linux-x86_64-debian-clang 2.0.0 83.29 293.37 376.66 NOTE
r-devel-linux-x86_64-debian-gcc 2.0.0 58.30 234.00 292.30 NOTE
r-devel-linux-x86_64-fedora-clang 2.0.0 484.35 NOTE
r-devel-linux-x86_64-fedora-gcc 2.0.0 469.22 NOTE
r-devel-windows-x86_64 2.0.0 95.00 357.00 452.00 NOTE
r-devel-windows-x86_64-gcc10-UCRT 2.0.0 NOTE
r-patched-linux-x86_64 2.0.0 61.55 296.24 357.79 NOTE
r-patched-solaris-x86 2.0.0 223.00 NOTE
r-release-linux-x86_64 2.0.0 64.36 294.18 358.54 NOTE
r-release-macos-arm64 2.0.0 NOTE
r-release-macos-x86_64 2.0.0 NOTE
r-release-windows-ix86+x86_64 2.0.0 130.00 424.00 554.00 NOTE
r-oldrel-macos-x86_64 2.0.0 NOTE
r-oldrel-windows-ix86+x86_64 2.0.0 189.00 457.00 646.00 OK

Check Details

Version: 2.0.0
Check: LazyData
Result: NOTE
     'LazyData' is specified without a 'data' directory
Flavors: r-devel-linux-x86_64-debian-clang, r-devel-linux-x86_64-debian-gcc, r-devel-linux-x86_64-fedora-clang, r-devel-linux-x86_64-fedora-gcc, r-devel-windows-x86_64, r-devel-windows-x86_64-gcc10-UCRT, r-patched-linux-x86_64, r-patched-solaris-x86, r-release-linux-x86_64, r-release-macos-arm64, r-release-macos-x86_64, r-release-windows-ix86+x86_64

Version: 2.0.0
Check: installed package size
Result: NOTE
     installed size is 10.4Mb
     sub-directories of 1Mb or more:
     doc 1.6Mb
     libs 8.2Mb
Flavors: r-release-macos-arm64, r-release-macos-x86_64, r-oldrel-macos-x86_64