CRAN Package Check Results for Package reservr

Last updated on 2023-10-04 00:58:35 CEST.

Flavor Version Tinstall Tcheck Ttotal Status Flags
r-devel-linux-x86_64-debian-clang 0.0.1 164.96 192.54 357.50 NOTE
r-devel-linux-x86_64-debian-gcc 0.0.1 122.50 142.90 265.40 NOTE
r-devel-linux-x86_64-fedora-clang 0.0.1 524.29 NOTE
r-devel-linux-x86_64-fedora-gcc 0.0.1 504.28 NOTE
r-devel-windows-x86_64 0.0.1 126.00 284.00 410.00 NOTE
r-patched-linux-x86_64 0.0.1 153.04 190.15 343.19 NOTE
r-release-linux-x86_64 0.0.1 131.16 192.74 323.90 NOTE
r-release-macos-arm64 0.0.1 144.00 NOTE
r-release-macos-x86_64 0.0.1 425.00 NOTE
r-release-windows-x86_64 0.0.1 165.00 283.00 448.00 NOTE
r-oldrel-macos-arm64 0.0.1 108.00 NOTE
r-oldrel-macos-x86_64 0.0.1 274.00 NOTE
r-oldrel-windows-x86_64 0.0.1 163.00 264.00 427.00 NOTE

Check Details

Version: 0.0.1
Check: C++ specification
Result: NOTE
     Specified C++11: please drop specification unless essential
Flavors: r-devel-linux-x86_64-debian-clang, r-devel-linux-x86_64-debian-gcc, r-devel-linux-x86_64-fedora-clang, r-devel-linux-x86_64-fedora-gcc, r-devel-windows-x86_64, r-patched-linux-x86_64, r-release-linux-x86_64, r-release-macos-arm64, r-release-macos-x86_64, r-release-windows-x86_64

Version: 0.0.1
Check: for GNU extensions in Makefiles
Result: NOTE
    GNU make is a SystemRequirements.
Flavors: r-devel-linux-x86_64-debian-clang, r-devel-linux-x86_64-debian-gcc, r-devel-linux-x86_64-fedora-clang, r-devel-linux-x86_64-fedora-gcc, r-devel-windows-x86_64, r-patched-linux-x86_64, r-release-linux-x86_64, r-release-macos-arm64, r-release-macos-x86_64, r-release-windows-x86_64, r-oldrel-macos-arm64, r-oldrel-macos-x86_64, r-oldrel-windows-x86_64

Version: 0.0.1
Check: installed package size
Result: NOTE
     installed size is 17.1Mb
     sub-directories of 1Mb or more:
     R 2.1Mb
     libs 14.6Mb
Flavors: r-release-macos-arm64, r-release-macos-x86_64, r-oldrel-macos-arm64, r-oldrel-macos-x86_64