Last updated on 2023-03-29 01:51:39 CEST.
Flavor | Version | Tinstall | Tcheck | Ttotal | Status | Flags |
---|---|---|---|---|---|---|
r-devel-linux-x86_64-debian-clang | 1.4.4 | 22.27 | 41.49 | 63.76 | NOTE | |
r-devel-linux-x86_64-debian-gcc | 1.4.4 | 17.82 | 32.15 | 49.97 | NOTE | |
r-devel-linux-x86_64-fedora-clang | 1.4.4 | 89.66 | NOTE | |||
r-devel-linux-x86_64-fedora-gcc | 1.4.4 | 80.40 | NOTE | |||
r-patched-linux-x86_64 | 1.4.4 | 19.74 | 40.63 | 60.37 | NOTE | |
r-release-linux-x86_64 | 1.4.4 | 18.00 | 40.56 | 58.56 | OK | |
r-release-macos-arm64 | 1.4.4 | 22.00 | OK | |||
r-release-macos-x86_64 | 1.4.4 | 34.00 | OK | |||
r-release-windows-x86_64 | 1.4.4 | 40.00 | 95.00 | 135.00 | OK | |
r-oldrel-macos-arm64 | 1.4.4 | 26.00 | OK | |||
r-oldrel-macos-x86_64 | 1.4.4 | 38.00 | OK | |||
r-oldrel-windows-ix86+x86_64 | 1.4.4 | 52.00 | 100.00 | 152.00 | OK |
Version: 1.4.4
Check: Rd files
Result: NOTE
checkRd: (-1) cast.Rd:45: Escaped LaTeX specials: \_
checkRd: (-1) cast.Rd:46: Escaped LaTeX specials: \_
Flavors: r-devel-linux-x86_64-debian-clang, r-devel-linux-x86_64-debian-gcc, r-devel-linux-x86_64-fedora-clang, r-devel-linux-x86_64-fedora-gcc, r-patched-linux-x86_64