Last updated on 2024-04-23 16:58:26 CEST.
Flavor | Version | Tinstall | Tcheck | Ttotal | Status | Flags |
---|---|---|---|---|---|---|
r-devel-linux-x86_64-debian-clang | 2.3.2 | 24.76 | 999.20 | 1023.96 | OK | |
r-devel-linux-x86_64-debian-gcc | 2.3.2 | 14.84 | 897.82 | 912.66 | OK | |
r-devel-linux-x86_64-fedora-clang | 2.3.2 | 2185.59 | ERROR | |||
r-devel-linux-x86_64-fedora-gcc | 2.3.2 | 1010.25 | OK | |||
r-prerel-macos-arm64 | 2.3.2 | 327.00 | OK | |||
r-prerel-windows-x86_64 | 2.3.2 | 24.00 | 702.00 | 726.00 | OK | |
r-patched-linux-x86_64 | 2.3.2 | 30.05 | 1115.22 | 1145.27 | OK | |
r-release-linux-x86_64 | 2.3.2 | 20.04 | 1140.23 | 1160.27 | OK | |
r-release-macos-arm64 | 2.3.2 | 355.00 | OK | |||
r-release-macos-x86_64 | 2.3.2 | 1303.00 | OK | |||
r-release-windows-x86_64 | 2.3.2 | 27.00 | 907.00 | 934.00 | OK | |
r-oldrel-macos-arm64 | 2.3.2 | 349.00 | OK | |||
r-oldrel-windows-x86_64 | 2.3.2 | 26.00 | 888.00 | 914.00 | OK |
Version: 2.3.2
Check: tests
Result: ERROR
Running ‘testthat.R’ [1923s/453s]
Running the tests in ‘tests/testthat.R’ failed.
Complete output:
> library(testthat)
> library(respR)
> data("urchins.rd")
> data("sardine.rd")
> data("squid.rd")
> data("intermittent.rd")
> data("flowthrough.rd")
> data("flowthrough_mult.rd")
>
> test_check("respR")
Flavor: r-devel-linux-x86_64-fedora-clang