CRAN Package Check Results for Package respirometry

Last updated on 2023-06-05 16:55:05 CEST.

Flavor Version Tinstall Tcheck Ttotal Status Flags
r-devel-linux-x86_64-debian-clang 1.3.0 9.87 66.55 76.42 NOTE
r-devel-linux-x86_64-debian-gcc 1.3.0 7.08 49.04 56.12 NOTE
r-devel-linux-x86_64-fedora-clang 1.3.0 92.06 NOTE
r-devel-linux-x86_64-fedora-gcc 1.3.0 86.53 NOTE
r-devel-windows-x86_64 1.3.0 8.00 74.00 82.00 NOTE
r-patched-linux-x86_64 1.3.0 8.00 62.08 70.08 NOTE
r-release-linux-x86_64 1.3.0 5.60 61.39 66.99 NOTE
r-release-macos-arm64 1.3.0 30.00 NOTE
r-release-macos-x86_64 1.3.0 42.00 NOTE
r-release-windows-x86_64 1.3.0 11.00 84.00 95.00 NOTE
r-oldrel-macos-arm64 1.3.0 32.00 NOTE
r-oldrel-macos-x86_64 1.3.0 48.00 NOTE
r-oldrel-windows-x86_64 1.3.0 11.00 80.00 91.00 NOTE

Check Details

Version: 1.3.0
Check: LazyData
Result: NOTE
     'LazyData' is specified without a 'data' directory
Flavors: r-devel-linux-x86_64-debian-clang, r-devel-linux-x86_64-debian-gcc, r-devel-linux-x86_64-fedora-clang, r-devel-linux-x86_64-fedora-gcc, r-devel-windows-x86_64, r-patched-linux-x86_64, r-release-linux-x86_64, r-release-macos-arm64, r-release-macos-x86_64, r-release-windows-x86_64, r-oldrel-macos-arm64, r-oldrel-macos-x86_64, r-oldrel-windows-x86_64