CRAN Package Check Results for Package retractcheck

Last updated on 2021-11-30 20:49:27 CET.

Flavor Version Tinstall Tcheck Ttotal Status Flags
r-devel-linux-x86_64-debian-clang 1.0.0 2.26 20.79 23.05 NOTE
r-devel-linux-x86_64-debian-gcc 1.0.0 1.88 16.42 18.30 NOTE
r-devel-linux-x86_64-fedora-clang 1.0.0 40.02 NOTE
r-devel-linux-x86_64-fedora-gcc 1.0.0 28.21 NOTE
r-devel-windows-x86_64-new-UL 1.0.0 8.00 54.00 62.00 NOTE
r-devel-windows-x86_64-new-TK 1.0.0 NOTE
r-devel-windows-x86_64-old 1.0.0 8.00 30.00 38.00 NOTE
r-patched-linux-x86_64 1.0.0 2.66 19.64 22.30 NOTE
r-patched-solaris-x86 1.0.0 44.20 NOTE
r-release-linux-x86_64 1.0.0 2.31 19.77 22.08 NOTE
r-release-macos-arm64 1.0.0 NOTE
r-release-macos-x86_64 1.0.0 NOTE
r-release-windows-ix86+x86_64 1.0.0 7.00 31.00 38.00 NOTE
r-oldrel-macos-x86_64 1.0.0 OK
r-oldrel-windows-ix86+x86_64 1.0.0 4.00 28.00 32.00 OK

Check Details

Version: 1.0.0
Check: LazyData
Result: NOTE
     'LazyData' is specified without a 'data' directory
Flavors: r-devel-linux-x86_64-debian-clang, r-devel-linux-x86_64-debian-gcc, r-devel-linux-x86_64-fedora-clang, r-devel-linux-x86_64-fedora-gcc, r-devel-windows-x86_64-new-UL, r-devel-windows-x86_64-new-TK, r-devel-windows-x86_64-old, r-patched-linux-x86_64, r-patched-solaris-x86, r-release-linux-x86_64, r-release-macos-arm64, r-release-macos-x86_64, r-release-windows-ix86+x86_64