CRAN Package Check Results for Package revdbayes

Last updated on 2021-10-22 20:49:13 CEST.

Flavor Version Tinstall Tcheck Ttotal Status Flags
r-devel-linux-x86_64-debian-clang 1.3.9 53.83 558.65 612.48 OK
r-devel-linux-x86_64-debian-gcc 1.3.9 43.89 380.09 423.98 OK
r-devel-linux-x86_64-fedora-clang 1.3.9 740.08 OK
r-devel-linux-x86_64-fedora-gcc 1.3.9 732.01 OK
r-devel-windows-x86_64 1.3.9 75.00 505.00 580.00 OK
r-devel-windows-x86_64-gcc10-UCRT 1.3.9 OK
r-patched-linux-x86_64 1.3.9 57.02 532.93 589.95 OK
r-patched-solaris-x86 1.3.9 845.10 OK
r-release-linux-x86_64 1.3.9 42.35 538.18 580.53 OK
r-release-macos-arm64 1.3.9 NOTE
r-release-macos-x86_64 1.3.9 OK
r-release-windows-ix86+x86_64 1.3.9 95.00 763.00 858.00 OK
r-oldrel-macos-x86_64 1.3.9 OK
r-oldrel-windows-ix86+x86_64 1.3.9 130.00 829.00 959.00 OK

Check Details

Version: 1.3.9
Check: installed package size
Result: NOTE
     installed size is 6.5Mb
     sub-directories of 1Mb or more:
     libs 5.3Mb
Flavor: r-release-macos-arm64