CRAN Package Check Results for Package rfishnet2

Last updated on 2023-10-03 01:05:02 CEST.

Flavor Version Tinstall Tcheck Ttotal Status Flags
r-devel-linux-x86_64-debian-clang 0.2.0 5.12 50.25 55.37 NOTE
r-devel-linux-x86_64-debian-gcc 0.2.0 4.69 37.15 41.84 NOTE
r-devel-linux-x86_64-fedora-clang 0.2.0 69.30 NOTE
r-devel-linux-x86_64-fedora-gcc 0.2.0 63.85 NOTE
r-devel-windows-x86_64 0.2.0 7.00 59.00 66.00 NOTE
r-patched-linux-x86_64 0.2.0 5.96 47.93 53.89 NOTE
r-release-linux-x86_64 0.2.0 5.84 49.46 55.30 NOTE
r-release-macos-arm64 0.2.0 25.00 NOTE
r-release-macos-x86_64 0.2.0 36.00 NOTE
r-release-windows-x86_64 0.2.0 8.00 62.00 70.00 NOTE
r-oldrel-macos-arm64 0.2.0 22.00 NOTE
r-oldrel-macos-x86_64 0.2.0 43.00 NOTE
r-oldrel-windows-x86_64 0.2.0 7.00 69.00 76.00 OK

Check Details

Version: 0.2.0
Check: package subdirectories
Result: NOTE
    Problems with news in ‘NEWS.md’:
    No news entries found.
Flavors: r-devel-linux-x86_64-debian-clang, r-devel-linux-x86_64-debian-gcc, r-devel-linux-x86_64-fedora-clang, r-devel-linux-x86_64-fedora-gcc, r-devel-windows-x86_64, r-patched-linux-x86_64, r-release-linux-x86_64, r-release-macos-arm64, r-release-macos-x86_64, r-release-windows-x86_64

Version: 0.2.0
Check: dependencies in R code
Result: NOTE
    Namespace in Imports field not imported from: ‘sf’
     All declared Imports should be used.
Flavors: r-devel-linux-x86_64-fedora-clang, r-devel-linux-x86_64-fedora-gcc, r-oldrel-macos-arm64, r-oldrel-macos-x86_64