CRAN Package Check Results for Package rfm

Last updated on 2021-10-18 12:58:26 CEST.

Flavor Version Tinstall Tcheck Ttotal Status Flags
r-devel-linux-x86_64-debian-clang 0.2.2 3.80 77.63 81.43 OK
r-devel-linux-x86_64-debian-gcc 0.2.2 3.31 56.48 59.79 OK
r-devel-linux-x86_64-fedora-clang 0.2.2 103.14 OK
r-devel-linux-x86_64-fedora-gcc 0.2.2 95.62 OK
r-devel-windows-x86_64 0.2.2 8.00 84.00 92.00 OK
r-devel-windows-x86_64-gcc10-UCRT 0.2.2 OK
r-patched-linux-x86_64 0.2.2 4.10 74.83 78.93 OK
r-patched-solaris-x86 0.2.2 128.10 WARN
r-release-linux-x86_64 0.2.2 4.11 75.21 79.32 OK
r-release-macos-arm64 0.2.2 OK
r-release-macos-x86_64 0.2.2 WARN
r-release-windows-ix86+x86_64 0.2.2 24.00 102.00 126.00 OK
r-oldrel-macos-x86_64 0.2.2 WARN
r-oldrel-windows-ix86+x86_64 0.2.2 10.00 156.00 166.00 OK

Check Details

Version: 0.2.2
Check: re-building of vignette outputs
Result: WARN
    Error(s) in re-building vignettes:
     ...
    --- re-building ‘rfm-customer-level-data.Rmd’ using rmarkdown
    Warning in engine$weave(file, quiet = quiet, encoding = enc) :
     Pandoc (>= 1.12.3) not available. Falling back to R Markdown v1.
    
    Attaching package: 'dplyr'
    
    The following object is masked from 'package:kableExtra':
    
     group_rows
    
    The following objects are masked from 'package:stats':
    
     filter, lag
    
    The following objects are masked from 'package:base':
    
     intersect, setdiff, setequal, union
    
    Quitting from lines 231-254 (rfm-customer-level-data.Rmd)
    Error: processing vignette 'rfm-customer-level-data.Rmd' failed with diagnostics:
    invalid 'path' argument
    --- failed re-building ‘rfm-customer-level-data.Rmd’
    
    --- re-building ‘rfm-transaction-level-data.Rmd’ using rmarkdown
    Warning in engine$weave(file, quiet = quiet, encoding = enc) :
     Pandoc (>= 1.12.3) not available. Falling back to R Markdown v1.
    
    Attaching package: 'dplyr'
    
    The following object is masked from 'package:kableExtra':
    
     group_rows
    
    The following objects are masked from 'package:stats':
    
     filter, lag
    
    The following objects are masked from 'package:base':
    
     intersect, setdiff, setequal, union
    
    Quitting from lines 227-251 (rfm-transaction-level-data.Rmd)
    Error: processing vignette 'rfm-transaction-level-data.Rmd' failed with diagnostics:
    invalid 'path' argument
    --- failed re-building ‘rfm-transaction-level-data.Rmd’
    
    SUMMARY: processing the following files failed:
     ‘rfm-customer-level-data.Rmd’ ‘rfm-transaction-level-data.Rmd’
    
    Error: Vignette re-building failed.
    Execution halted
Flavor: r-patched-solaris-x86

Version: 0.2.2
Check: re-building of vignette outputs
Result: WARN
    Error(s) in re-building vignettes:
    --- re-building ‘rfm-customer-level-data.Rmd’ using rmarkdown
    Warning in engine$weave(file, quiet = quiet, encoding = enc) :
     Pandoc (>= 1.12.3) not available. Falling back to R Markdown v1.
    
    Attaching package: 'dplyr'
    
    The following object is masked from 'package:kableExtra':
    
     group_rows
    
    The following objects are masked from 'package:stats':
    
     filter, lag
    
    The following objects are masked from 'package:base':
    
     intersect, setdiff, setequal, union
    
    Quitting from lines 231-254 (rfm-customer-level-data.Rmd)
    Error: processing vignette 'rfm-customer-level-data.Rmd' failed with diagnostics:
    invalid 'path' argument
    --- failed re-building ‘rfm-customer-level-data.Rmd’
    
    --- re-building ‘rfm-transaction-level-data.Rmd’ using rmarkdown
    Warning in engine$weave(file, quiet = quiet, encoding = enc) :
     Pandoc (>= 1.12.3) not available. Falling back to R Markdown v1.
    
    Attaching package: 'dplyr'
    
    The following object is masked from 'package:kableExtra':
    
     group_rows
    
    The following objects are masked from 'package:stats':
    
     filter, lag
    
    The following objects are masked from 'package:base':
    
     intersect, setdiff, setequal, union
    
    Quitting from lines 227-251 (rfm-transaction-level-data.Rmd)
    Error: processing vignette 'rfm-transaction-level-data.Rmd' failed with diagnostics:
    invalid 'path' argument
    --- failed re-building ‘rfm-transaction-level-data.Rmd’
    
    SUMMARY: processing the following files failed:
     ‘rfm-customer-level-data.Rmd’ ‘rfm-transaction-level-data.Rmd’
    
    Error: Vignette re-building failed.
    Execution halted
Flavor: r-release-macos-x86_64

Version: 0.2.2
Check: re-building of vignette outputs
Result: WARN
    Error(s) in re-building vignettes:
    --- re-building ‘rfm-customer-level-data.Rmd’ using rmarkdown
    Warning in engine$weave(file, quiet = quiet, encoding = enc) :
     Pandoc (>= 1.12.3) and/or pandoc-citeproc not available. Falling back to R Markdown v1.
    
    Attaching package: 'dplyr'
    
    The following object is masked from 'package:kableExtra':
    
     group_rows
    
    The following objects are masked from 'package:stats':
    
     filter, lag
    
    The following objects are masked from 'package:base':
    
     intersect, setdiff, setequal, union
    
    Quitting from lines 231-254 (rfm-customer-level-data.Rmd)
    Error: processing vignette 'rfm-customer-level-data.Rmd' failed with diagnostics:
    cannot open the connection
    --- failed re-building ‘rfm-customer-level-data.Rmd’
    
    --- re-building ‘rfm-transaction-level-data.Rmd’ using rmarkdown
    Warning in engine$weave(file, quiet = quiet, encoding = enc) :
     Pandoc (>= 1.12.3) and/or pandoc-citeproc not available. Falling back to R Markdown v1.
    
    Attaching package: 'dplyr'
    
    The following object is masked from 'package:kableExtra':
    
     group_rows
    
    The following objects are masked from 'package:stats':
    
     filter, lag
    
    The following objects are masked from 'package:base':
    
     intersect, setdiff, setequal, union
    
    Quitting from lines 227-251 (rfm-transaction-level-data.Rmd)
    Error: processing vignette 'rfm-transaction-level-data.Rmd' failed with diagnostics:
    cannot open the connection
    --- failed re-building ‘rfm-transaction-level-data.Rmd’
    
    SUMMARY: processing the following files failed:
     ‘rfm-customer-level-data.Rmd’ ‘rfm-transaction-level-data.Rmd’
    
    Error: Vignette re-building failed.
    Execution halted
Flavor: r-oldrel-macos-x86_64