CRAN Package Check Results for Package rgee

Last updated on 2021-10-18 08:51:26 CEST.

Flavor Version Tinstall Tcheck Ttotal Status Flags
r-devel-linux-x86_64-debian-clang 1.1.0 20.05 125.06 145.11 OK
r-devel-linux-x86_64-debian-gcc 1.1.0 18.23 94.47 112.70 OK
r-devel-linux-x86_64-fedora-clang 1.1.0 189.51 NOTE
r-devel-linux-x86_64-fedora-gcc 1.1.0 176.66 NOTE
r-devel-windows-x86_64 1.1.0 34.00 140.00 174.00 OK
r-devel-windows-x86_64-gcc10-UCRT 1.1.0 NOTE
r-patched-linux-x86_64 1.1.0 22.68 121.96 144.64 OK
r-patched-solaris-x86 1.1.0 223.20 NOTE
r-release-linux-x86_64 1.1.0 21.65 120.82 142.47 OK
r-release-macos-arm64 1.1.0 NOTE
r-release-macos-x86_64 1.1.0 NOTE
r-release-windows-ix86+x86_64 1.1.0 30.00 171.00 201.00 OK
r-oldrel-macos-x86_64 1.1.0 NOTE
r-oldrel-windows-ix86+x86_64 1.1.0 35.00 201.00 236.00 OK

Check Details

Version: 1.1.0
Check: dependencies in R code
Result: NOTE
    Namespace in Imports field not imported from: ‘R6’
     All declared Imports should be used.
Flavors: r-devel-linux-x86_64-fedora-clang, r-devel-linux-x86_64-fedora-gcc, r-devel-windows-x86_64-gcc10-UCRT, r-patched-solaris-x86, r-release-macos-arm64, r-release-macos-x86_64, r-oldrel-macos-x86_64

Version: 1.1.0
Check: installed package size
Result: NOTE
     installed size is 5.4Mb
     sub-directories of 1Mb or more:
     doc 3.8Mb
Flavor: r-patched-solaris-x86