CRAN Package Check Results for Package rgeolocate

Last updated on 2021-11-30 05:00:02 CET.

Flavor Version Tinstall Tcheck Ttotal Status Flags
r-devel-linux-x86_64-debian-clang 1.4.1 44.45 32.45 76.90 OK
r-devel-linux-x86_64-debian-gcc 1.4.1 34.47 26.02 60.49 OK
r-devel-linux-x86_64-fedora-clang 1.4.1 126.75 NOTE
r-devel-linux-x86_64-fedora-gcc 1.4.1 104.99 OK
r-devel-windows-x86_64-new-UL 1.4.1 75.00 96.00 171.00 NOTE
r-devel-windows-x86_64-new-TK 1.4.1 OK
r-devel-windows-x86_64-old 1.4.1 72.00 51.00 123.00 NOTE
r-patched-linux-x86_64 1.4.1 40.04 31.37 71.41 OK
r-patched-solaris-x86 1.4.1 105.80 NOTE
r-release-linux-x86_64 1.4.1 41.08 31.12 72.20 OK
r-release-macos-arm64 1.4.1 NOTE
r-release-macos-x86_64 1.4.1 NOTE
r-release-windows-ix86+x86_64 1.4.1 129.00 62.00 191.00 NOTE
r-oldrel-macos-x86_64 1.4.1 NOTE
r-oldrel-windows-ix86+x86_64 1.4.1 92.00 78.00 170.00 NOTE

Check Details

Version: 1.4.1
Check: installed package size
Result: NOTE
     installed size is 6.1Mb
     sub-directories of 1Mb or more:
     extdata 4.4Mb
     libs 1.6Mb
Flavors: r-devel-linux-x86_64-fedora-clang, r-devel-windows-x86_64-new-UL, r-devel-windows-x86_64-old, r-patched-solaris-x86, r-release-macos-arm64, r-release-macos-x86_64, r-release-windows-ix86+x86_64, r-oldrel-macos-x86_64, r-oldrel-windows-ix86+x86_64