Last updated on 2024-04-27 00:58:18 CEST.
Flavor | Version | Tinstall | Tcheck | Ttotal | Status | Flags |
---|---|---|---|---|---|---|
r-devel-linux-x86_64-debian-clang | 0.0.1 | 25.43 | 111.06 | 136.49 | NOTE | |
r-devel-linux-x86_64-debian-gcc | 0.0.1 | 19.94 | 82.01 | 101.95 | NOTE | |
r-devel-linux-x86_64-fedora-clang | 0.0.1 | 168.02 | NOTE | |||
r-devel-linux-x86_64-fedora-gcc | 0.0.1 | 176.81 | NOTE | |||
r-devel-windows-x86_64 | 0.0.1 | 19.00 | 157.00 | 176.00 | NOTE | |
r-patched-linux-x86_64 | 0.0.1 | 28.96 | 105.02 | 133.98 | NOTE | |
r-release-linux-x86_64 | 0.0.1 | 22.42 | 109.09 | 131.51 | OK | |
r-release-macos-arm64 | 0.0.1 | 43.00 | NOTE | |||
r-release-windows-x86_64 | 0.0.1 | 20.00 | 155.00 | 175.00 | NOTE | |
r-oldrel-macos-arm64 | 0.0.1 | 50.00 | OK | |||
r-oldrel-macos-x86_64 | 0.0.1 | 73.00 | OK | |||
r-oldrel-windows-x86_64 | 0.0.1 | 25.00 | 146.00 | 171.00 | OK |
Version: 0.0.1
Check: Rd files
Result: NOTE
checkRd: (-1) RiemannianMetric.Rd:450-453: Lost braces
450 | if (reticulate::py_module_available("geomstats")) {
| ^
checkRd: (-1) RiemannianMetric.Rd:484-487: Lost braces
484 | if (reticulate::py_module_available("geomstats")) {
| ^
checkRd: (-1) RiemannianMetric.Rd:588-591: Lost braces
588 | if (reticulate::py_module_available("geomstats")) {
| ^
Flavors: r-devel-linux-x86_64-debian-clang, r-devel-linux-x86_64-debian-gcc, r-devel-linux-x86_64-fedora-clang, r-devel-linux-x86_64-fedora-gcc, r-devel-windows-x86_64, r-patched-linux-x86_64, r-release-macos-arm64, r-release-windows-x86_64