Last updated on 2022-06-28 08:51:35 CEST.
Flavor | Version | Tinstall | Tcheck | Ttotal | Status | Flags |
---|---|---|---|---|---|---|
r-devel-linux-x86_64-debian-clang | 0.5-9 | 15.34 | 71.72 | 87.06 | OK | |
r-devel-linux-x86_64-debian-gcc | 0.5-9 | 12.91 | 55.61 | 68.52 | OK | |
r-devel-linux-x86_64-fedora-clang | 0.5-9 | 117.97 | OK | |||
r-devel-linux-x86_64-fedora-gcc | 0.5-9 | 118.24 | OK | |||
r-devel-windows-x86_64 | 0.5-9 | 100.00 | 147.00 | 247.00 | OK | |
r-patched-linux-x86_64 | 0.5-9 | 16.47 | 68.27 | 84.74 | OK | |
r-release-linux-x86_64 | 0.5-9 | 15.84 | 67.95 | 83.79 | OK | |
r-release-macos-arm64 | 0.5-9 | 42.00 | NOTE | |||
r-release-macos-x86_64 | 0.5-9 | 54.00 | OK | |||
r-release-windows-x86_64 | 0.5-9 | 116.00 | 142.00 | 258.00 | OK | |
r-oldrel-macos-arm64 | 0.5-9 | 48.00 | NOTE | |||
r-oldrel-macos-x86_64 | 0.5-9 | 57.00 | NOTE | |||
r-oldrel-windows-ix86+x86_64 | 0.5-9 | 79.00 | 163.00 | 242.00 | NOTE |
Version: 0.5-9
Check: installed package size
Result: NOTE
installed size is 34.3Mb
sub-directories of 1Mb or more:
libs 33.3Mb
Flavors: r-release-macos-arm64, r-oldrel-macos-arm64, r-oldrel-macos-x86_64, r-oldrel-windows-ix86+x86_64