CRAN Package Check Results for Package rgl

Last updated on 2021-09-19 16:49:21 CEST.

Flavor Version Tinstall Tcheck Ttotal Status Flags
r-devel-linux-x86_64-debian-clang 0.107.14 100.57 184.67 285.24 NOTE
r-devel-linux-x86_64-debian-gcc 0.107.14 62.44 136.54 198.98 NOTE
r-devel-linux-x86_64-fedora-clang 0.107.14 411.65 NOTE
r-devel-linux-x86_64-fedora-gcc 0.107.14 344.08 NOTE
r-devel-windows-x86_64 0.107.14 163.00 227.00 390.00 NOTE
r-devel-windows-x86_64-gcc10-UCRT 0.107.14 ERROR
r-patched-linux-x86_64 0.107.14 89.65 188.83 278.48 NOTE
r-patched-solaris-x86 0.107.14 439.90 NOTE
r-release-linux-x86_64 0.107.14 83.59 188.49 272.08 NOTE
r-release-macos-arm64 0.107.14 NOTE
r-release-macos-x86_64 0.107.14 WARN
r-release-windows-ix86+x86_64 0.107.14 356.00 233.00 589.00 NOTE
r-oldrel-macos-x86_64 0.107.14 WARN
r-oldrel-windows-ix86+x86_64 0.107.14 340.00 226.00 566.00 NOTE

Additional issues

M1mac rchk

Check Details

Version: 0.107.14
Check: package dependencies
Result: NOTE
    Package suggested but not available for checking: 'webshot2'
Flavors: r-devel-linux-x86_64-debian-clang, r-devel-linux-x86_64-debian-gcc, r-devel-linux-x86_64-fedora-clang, r-devel-linux-x86_64-fedora-gcc, r-devel-windows-x86_64, r-devel-windows-x86_64-gcc10-UCRT, r-patched-linux-x86_64, r-release-linux-x86_64, r-release-macos-arm64, r-release-macos-x86_64, r-release-windows-ix86+x86_64, r-oldrel-macos-x86_64, r-oldrel-windows-ix86+x86_64

Version: 0.107.14
Check: installed package size
Result: NOTE
     installed size is 9.9Mb
     sub-directories of 1Mb or more:
     doc 1.7Mb
     fonts 1.5Mb
     libs 2.5Mb
     useNULL 1.8Mb
Flavors: r-devel-linux-x86_64-fedora-clang, r-devel-windows-x86_64, r-patched-solaris-x86, r-release-macos-arm64, r-release-macos-x86_64, r-release-windows-ix86+x86_64, r-oldrel-macos-x86_64, r-oldrel-windows-ix86+x86_64

Version: 0.107.14
Check: whether package can be installed
Result: ERROR
    Installation failed.
Flavor: r-devel-windows-x86_64-gcc10-UCRT

Version: 0.107.14
Check: re-building of vignette outputs
Result: WARN
    Error(s) in re-building vignettes:
     ...
    sh: line 1: 27811 Abort trap: 6 '/Library/Frameworks/R.framework/Resources/bin/R' --vanilla --no-echo > '/Volumes/Temp/tmp/RtmpzxryXz/file6c225fa3bfd' 2>&1 < '/Volumes/Temp/tmp/RtmpzxryXz/file6c226f78621b'
    --- re-building ‘WebGL.Rmd’ using rmarkdown
    Warning in engine$weave(file, quiet = quiet, encoding = enc) :
     Pandoc (>= 1.12.3) not available. Falling back to R Markdown v1.
    --- re-building ‘pkgdown.Rmd’ using rmarkdown
    Warning in engine$weave(file, quiet = quiet, encoding = enc) :
     Pandoc (>= 1.12.3) not available. Falling back to R Markdown v1.
    --- finished re-building ‘pkgdown.Rmd’
    
    sh: line 1: 27878 Abort trap: 6 '/Library/Frameworks/R.framework/Resources/bin/R' --vanilla --no-echo > '/Volumes/Temp/tmp/RtmpzxryXz/file6c2257d15eb9' 2>&1 < '/Volumes/Temp/tmp/RtmpzxryXz/file6c2272a1f0b9'
    --- re-building ‘rgl.Rmd’ using rmarkdown
    Warning in engine$weave(file, quiet = quiet, encoding = enc) :
     Pandoc (>= 1.12.3) not available. Falling back to R Markdown v1.
    --- re-building ‘transparency.Rmd’ using rmarkdown
    Warning in engine$weave(file, quiet = quiet, encoding = enc) :
     Pandoc (>= 1.12.3) not available. Falling back to R Markdown v1.
    --- finished re-building ‘transparency.Rmd’
    
    SUMMARY: processing the following files failed:
     ‘WebGL.Rmd’ ‘rgl.Rmd’
    
    Error: Vignette re-building failed.
    Execution halted
Flavor: r-release-macos-x86_64

Version: 0.107.14
Check: re-building of vignette outputs
Result: WARN
    Error(s) in re-building vignettes:
     ...
    sh: line 1: 96880 Abort trap: 6 '/Library/Frameworks/R.framework/Resources/bin/R' --vanilla --no-echo > '/Volumes/Temp/tmp/Rtmpo2mgVb/file17a2a1a83f50b' 2>&1 < '/Volumes/Temp/tmp/Rtmpo2mgVb/file17a2a4d4cb2c6'
    --- re-building ‘WebGL.Rmd’ using rmarkdown
    Warning in engine$weave(file, quiet = quiet, encoding = enc) :
     Pandoc (>= 1.12.3) not available. Falling back to R Markdown v1.
    --- re-building ‘pkgdown.Rmd’ using rmarkdown
    Warning in engine$weave(file, quiet = quiet, encoding = enc) :
     Pandoc (>= 1.12.3) not available. Falling back to R Markdown v1.
    --- finished re-building ‘pkgdown.Rmd’
    
    sh: line 1: 96954 Abort trap: 6 '/Library/Frameworks/R.framework/Resources/bin/R' --vanilla --no-echo > '/Volumes/Temp/tmp/Rtmpo2mgVb/file17a2add317b4' 2>&1 < '/Volumes/Temp/tmp/Rtmpo2mgVb/file17a2a1db93183'
    --- re-building ‘rgl.Rmd’ using rmarkdown
    Warning in engine$weave(file, quiet = quiet, encoding = enc) :
     Pandoc (>= 1.12.3) not available. Falling back to R Markdown v1.
    --- re-building ‘transparency.Rmd’ using rmarkdown
    Warning in engine$weave(file, quiet = quiet, encoding = enc) :
     Pandoc (>= 1.12.3) not available. Falling back to R Markdown v1.
    --- finished re-building ‘transparency.Rmd’
    
    SUMMARY: processing the following files failed:
     ‘WebGL.Rmd’ ‘rgl.Rmd’
    
    Error: Vignette re-building failed.
    Execution halted
Flavor: r-oldrel-macos-x86_64