CRAN Package Check Results for Package rgoogleslides

Last updated on 2024-02-29 00:55:51 CET.

Flavor Version Tinstall Tcheck Ttotal Status Flags
r-devel-linux-x86_64-debian-clang 0.3.2 4.76 29.67 34.43 NOTE
r-devel-linux-x86_64-debian-gcc 0.3.2 4.51 22.89 27.40 NOTE
r-devel-linux-x86_64-fedora-clang 0.3.2 43.43 NOTE
r-devel-linux-x86_64-fedora-gcc 0.3.2 42.05 NOTE
r-devel-windows-x86_64 0.3.2 6.00 48.00 54.00 NOTE
r-patched-linux-x86_64 0.3.2 8.96 28.93 37.89 NOTE
r-release-linux-x86_64 0.3.2 5.74 28.54 34.28 NOTE
r-release-macos-arm64 0.3.2 19.00 NOTE
r-release-macos-x86_64 0.3.2 24.00 NOTE
r-release-windows-x86_64 0.3.2 8.00 48.00 56.00 NOTE
r-oldrel-macos-arm64 0.3.2 17.00 NOTE
r-oldrel-windows-x86_64 0.3.2 8.00 56.00 64.00 NOTE

Check Details

Version: 0.3.2
Check: LazyData
Result: NOTE 'LazyData' is specified without a 'data' directory Flavors: r-devel-linux-x86_64-debian-clang, r-devel-linux-x86_64-debian-gcc, r-devel-linux-x86_64-fedora-clang, r-devel-linux-x86_64-fedora-gcc, r-devel-windows-x86_64, r-patched-linux-x86_64, r-release-linux-x86_64, r-release-macos-arm64, r-release-macos-x86_64, r-release-windows-x86_64, r-oldrel-macos-arm64, r-oldrel-windows-x86_64