CRAN Package Check Results for Package rgoogleslides

Last updated on 2023-05-28 23:14:08 CEST.

Flavor Version Tinstall Tcheck Ttotal Status Flags
r-devel-linux-x86_64-debian-clang 0.3.2 4.92 28.11 33.03 NOTE
r-devel-linux-x86_64-debian-gcc 0.3.2 4.44 22.54 26.98 NOTE
r-devel-linux-x86_64-fedora-clang 0.3.2 42.98 NOTE
r-devel-linux-x86_64-fedora-gcc 0.3.2 40.96 NOTE
r-devel-windows-x86_64 0.3.2 7.00 49.00 56.00 NOTE
r-patched-linux-x86_64 0.3.2 7.25 27.64 34.89 NOTE
r-release-linux-x86_64 0.3.2 4.30 27.68 31.98 NOTE
r-release-macos-arm64 0.3.2 19.00 NOTE
r-release-macos-x86_64 0.3.2 24.00 NOTE
r-release-windows-x86_64 0.3.2 7.00 51.00 58.00 NOTE
r-oldrel-macos-arm64 0.3.2 17.00 NOTE
r-oldrel-macos-x86_64 0.3.2 25.00 NOTE
r-oldrel-windows-x86_64 0.3.2 7.00 48.00 55.00 NOTE

Check Details

Version: 0.3.2
Check: LazyData
Result: NOTE
     'LazyData' is specified without a 'data' directory
Flavors: r-devel-linux-x86_64-debian-clang, r-devel-linux-x86_64-debian-gcc, r-devel-linux-x86_64-fedora-clang, r-devel-linux-x86_64-fedora-gcc, r-devel-windows-x86_64, r-patched-linux-x86_64, r-release-linux-x86_64, r-release-macos-arm64, r-release-macos-x86_64, r-release-windows-x86_64, r-oldrel-macos-arm64, r-oldrel-macos-x86_64, r-oldrel-windows-x86_64