CRAN Package Check Results for Package rgsp

Last updated on 2021-10-26 09:09:37 CEST.

Flavor Version Tinstall Tcheck Ttotal Status Flags
r-devel-linux-x86_64-debian-clang 0.2.0 4.10 40.14 44.24 NOTE
r-devel-linux-x86_64-debian-gcc 0.2.0 3.18 30.38 33.56 NOTE
r-devel-linux-x86_64-fedora-clang 0.2.0 63.76 NOTE
r-devel-linux-x86_64-fedora-gcc 0.2.0 51.96 NOTE
r-devel-windows-x86_64 0.2.0 8.00 43.00 51.00 NOTE
r-devel-windows-x86_64-gcc10-UCRT 0.2.0 NOTE
r-patched-linux-x86_64 0.2.0 3.15 37.39 40.54 NOTE
r-patched-solaris-x86 0.2.0 75.40 NOTE
r-release-linux-x86_64 0.2.0 4.37 37.84 42.21 NOTE
r-release-macos-arm64 0.2.0 NOTE
r-release-macos-x86_64 0.2.0 NOTE
r-release-windows-ix86+x86_64 0.2.0 10.00 60.00 70.00 NOTE
r-oldrel-macos-x86_64 0.2.0 OK
r-oldrel-windows-ix86+x86_64 0.2.0 11.00 58.00 69.00 OK

Check Details

Version: 0.2.0
Check: LazyData
Result: NOTE
     'LazyData' is specified without a 'data' directory
Flavors: r-devel-linux-x86_64-debian-clang, r-devel-linux-x86_64-debian-gcc, r-devel-linux-x86_64-fedora-clang, r-devel-linux-x86_64-fedora-gcc, r-devel-windows-x86_64, r-devel-windows-x86_64-gcc10-UCRT, r-patched-linux-x86_64, r-patched-solaris-x86, r-release-linux-x86_64, r-release-macos-arm64, r-release-macos-x86_64, r-release-windows-ix86+x86_64