CRAN Package Check Results for Package riingo

Last updated on 2021-10-16 13:04:08 CEST.

Flavor Version Tinstall Tcheck Ttotal Status Flags
r-devel-linux-x86_64-debian-clang 0.3.1 3.35 30.94 34.29 NOTE
r-devel-linux-x86_64-debian-gcc 0.3.1 2.56 24.44 27.00 NOTE
r-devel-linux-x86_64-fedora-clang 0.3.1 52.67 NOTE
r-devel-linux-x86_64-fedora-gcc 0.3.1 40.93 NOTE
r-devel-windows-x86_64 0.3.1 5.00 37.00 42.00 NOTE
r-devel-windows-x86_64-gcc10-UCRT 0.3.1 NOTE
r-patched-linux-x86_64 0.3.1 4.08 30.17 34.25 NOTE
r-patched-solaris-x86 0.3.1 62.70 NOTE
r-release-linux-x86_64 0.3.1 3.40 29.97 33.37 NOTE
r-release-macos-arm64 0.3.1 NOTE
r-release-macos-x86_64 0.3.1 NOTE
r-release-windows-ix86+x86_64 0.3.1 8.00 48.00 56.00 NOTE
r-oldrel-macos-x86_64 0.3.1 OK
r-oldrel-windows-ix86+x86_64 0.3.1 7.00 48.00 55.00 OK

Check Details

Version: 0.3.1
Check: LazyData
Result: NOTE
     'LazyData' is specified without a 'data' directory
Flavors: r-devel-linux-x86_64-debian-clang, r-devel-linux-x86_64-debian-gcc, r-devel-linux-x86_64-fedora-clang, r-devel-linux-x86_64-fedora-gcc, r-devel-windows-x86_64, r-devel-windows-x86_64-gcc10-UCRT, r-patched-linux-x86_64, r-patched-solaris-x86, r-release-linux-x86_64, r-release-macos-arm64, r-release-macos-x86_64, r-release-windows-ix86+x86_64