CRAN Package Check Results for Package riingo

Last updated on 2022-07-01 00:49:44 CEST.

Flavor Version Tinstall Tcheck Ttotal Status Flags
r-devel-linux-x86_64-debian-clang 0.3.1 4.61 35.63 40.24 NOTE
r-devel-linux-x86_64-debian-gcc 0.3.1 2.40 28.46 30.86 NOTE
r-devel-linux-x86_64-fedora-clang 0.3.1 58.99 NOTE
r-devel-linux-x86_64-fedora-gcc 0.3.1 57.84 NOTE
r-devel-windows-x86_64 0.3.1 20.00 70.00 90.00 NOTE
r-patched-linux-x86_64 0.3.1 3.20 35.60 38.80 NOTE
r-release-linux-x86_64 0.3.1 4.20 34.82 39.02 NOTE
r-release-macos-arm64 0.3.1 17.00 NOTE
r-release-macos-x86_64 0.3.1 27.00 NOTE
r-release-windows-x86_64 0.3.1 29.00 69.00 98.00 NOTE
r-oldrel-macos-arm64 0.3.1 23.00 NOTE
r-oldrel-macos-x86_64 0.3.1 26.00 NOTE
r-oldrel-windows-ix86+x86_64 0.3.1 9.00 52.00 61.00 NOTE

Check Details

Version: 0.3.1
Check: LazyData
Result: NOTE
     'LazyData' is specified without a 'data' directory
Flavors: r-devel-linux-x86_64-debian-clang, r-devel-linux-x86_64-debian-gcc, r-devel-linux-x86_64-fedora-clang, r-devel-linux-x86_64-fedora-gcc, r-devel-windows-x86_64, r-patched-linux-x86_64, r-release-linux-x86_64, r-release-macos-arm64, r-release-macos-x86_64, r-release-windows-x86_64, r-oldrel-macos-arm64, r-oldrel-macos-x86_64, r-oldrel-windows-ix86+x86_64