CRAN Package Check Results for Package riskPredictClustData

Last updated on 2024-05-18 16:48:19 CEST.

Flavor Version Tinstall Tcheck Ttotal Status Flags
r-devel-linux-x86_64-debian-clang 0.2.6 7.28 69.35 76.63 NOTE
r-devel-linux-x86_64-debian-gcc 0.2.6 5.89 52.09 57.98 NOTE
r-devel-linux-x86_64-fedora-clang 0.2.6 96.40 NOTE
r-devel-linux-x86_64-fedora-gcc 0.2.6 126.99 NOTE
r-devel-windows-x86_64 0.2.6 8.00 75.00 83.00 NOTE
r-patched-linux-x86_64 0.2.6 5.00 66.16 71.16 NOTE
r-release-linux-x86_64 0.2.6 5.15 64.62 69.77 NOTE
r-release-macos-arm64 0.2.6 30.00 NOTE
r-release-windows-x86_64 0.2.6 8.00 75.00 83.00 NOTE
r-oldrel-macos-arm64 0.2.6 32.00 OK
r-oldrel-macos-x86_64 0.2.6 45.00 OK
r-oldrel-windows-x86_64 0.2.6 10.00 85.00 95.00 OK

Check Details

Version: 0.2.6
Check: Rd files
Result: NOTE checkRd: (-1) riskPredict.Rd:38: Lost braces 38 | {hat{eta}_c^{(1)}} based on the prediction rule.} | ^ checkRd: (-1) riskPredict.Rd:38: Lost braces 38 | {hat{eta}_c^{(1)}} based on the prediction rule.} | ^ checkRd: (-1) riskPredict.Rd:38: Lost braces; missing escapes or markup? 38 | {hat{eta}_c^{(1)}} based on the prediction rule.} | ^ checkRd: (-1) riskPredictDiff.Rd:34: Lost braces 34 | {hat{eta}_c^{(1)}-hat{eta}_c^{(2)}} based on the 2 prediction rules.} | ^ checkRd: (-1) riskPredictDiff.Rd:34: Lost braces 34 | {hat{eta}_c^{(1)}-hat{eta}_c^{(2)}} based on the 2 prediction rules.} | ^ checkRd: (-1) riskPredictDiff.Rd:34: Lost braces; missing escapes or markup? 34 | {hat{eta}_c^{(1)}-hat{eta}_c^{(2)}} based on the 2 prediction rules.} | ^ checkRd: (-1) riskPredictDiff.Rd:34: Lost braces 34 | {hat{eta}_c^{(1)}-hat{eta}_c^{(2)}} based on the 2 prediction rules.} | ^ checkRd: (-1) riskPredictDiff.Rd:34: Lost braces; missing escapes or markup? 34 | {hat{eta}_c^{(1)}-hat{eta}_c^{(2)}} based on the 2 prediction rules.} | ^ Flavors: r-devel-linux-x86_64-debian-clang, r-devel-linux-x86_64-debian-gcc, r-devel-linux-x86_64-fedora-clang, r-devel-linux-x86_64-fedora-gcc, r-devel-windows-x86_64, r-patched-linux-x86_64, r-release-linux-x86_64, r-release-macos-arm64, r-release-windows-x86_64