CRAN Package Check Results for Package riskPredictClustData

Last updated on 2024-02-29 08:49:05 CET.

Flavor Version Tinstall Tcheck Ttotal Status Flags
r-devel-linux-x86_64-debian-clang 0.2.6 9.04 68.29 77.33 NOTE
r-devel-linux-x86_64-debian-gcc 0.2.6 5.62 51.86 57.48 NOTE
r-devel-linux-x86_64-fedora-clang 0.2.6 91.77 NOTE
r-devel-linux-x86_64-fedora-gcc 0.2.6 90.63 NOTE
r-devel-windows-x86_64 0.2.6 8.00 76.00 84.00 OK
r-patched-linux-x86_64 0.2.6 4.91 67.07 71.98 OK
r-release-linux-x86_64 0.2.6 5.48 65.92 71.40 OK
r-release-macos-arm64 0.2.6 32.00 OK
r-release-macos-x86_64 0.2.6 45.00 OK
r-release-windows-x86_64 0.2.6 10.00 82.00 92.00 OK
r-oldrel-macos-arm64 0.2.6 41.00 OK
r-oldrel-windows-x86_64 0.2.6 11.00 88.00 99.00 OK

Check Details

Version: 0.2.6
Check: Rd files
Result: NOTE checkRd: (-1) riskPredict.Rd:38: Lost braces 38 | {hat{eta}_c^{(1)}} based on the prediction rule.} | ^ checkRd: (-1) riskPredict.Rd:38: Lost braces 38 | {hat{eta}_c^{(1)}} based on the prediction rule.} | ^ checkRd: (-1) riskPredict.Rd:38: Lost braces; missing escapes or markup? 38 | {hat{eta}_c^{(1)}} based on the prediction rule.} | ^ checkRd: (-1) riskPredictDiff.Rd:34: Lost braces 34 | {hat{eta}_c^{(1)}-hat{eta}_c^{(2)}} based on the 2 prediction rules.} | ^ checkRd: (-1) riskPredictDiff.Rd:34: Lost braces 34 | {hat{eta}_c^{(1)}-hat{eta}_c^{(2)}} based on the 2 prediction rules.} | ^ checkRd: (-1) riskPredictDiff.Rd:34: Lost braces; missing escapes or markup? 34 | {hat{eta}_c^{(1)}-hat{eta}_c^{(2)}} based on the 2 prediction rules.} | ^ checkRd: (-1) riskPredictDiff.Rd:34: Lost braces 34 | {hat{eta}_c^{(1)}-hat{eta}_c^{(2)}} based on the 2 prediction rules.} | ^ checkRd: (-1) riskPredictDiff.Rd:34: Lost braces; missing escapes or markup? 34 | {hat{eta}_c^{(1)}-hat{eta}_c^{(2)}} based on the 2 prediction rules.} | ^ Flavors: r-devel-linux-x86_64-debian-clang, r-devel-linux-x86_64-debian-gcc, r-devel-linux-x86_64-fedora-clang, r-devel-linux-x86_64-fedora-gcc